CRAN Package Check Results for Package HCmodelSets

Last updated on 2025-05-03 21:51:20 CEST.

Flavor Version Tinstall Tcheck Ttotal Status Flags
r-devel-linux-x86_64-debian-clang 1.1.3 22.25 85.63 107.88 NOTE
r-devel-linux-x86_64-debian-gcc 1.1.3 17.34 60.04 77.38 NOTE
r-devel-linux-x86_64-fedora-clang 1.1.3 153.82 OK
r-devel-linux-x86_64-fedora-gcc 1.1.3 168.57 OK
r-devel-windows-x86_64 1.1.3 24.00 90.00 114.00 OK
r-patched-linux-x86_64 1.1.3 20.92 78.24 99.16 OK
r-release-linux-x86_64 OK
r-release-macos-arm64 1.1.3 69.00 OK
r-release-macos-x86_64 1.1.3 104.00 OK
r-release-windows-x86_64 1.1.3 23.00 87.00 110.00 OK
r-oldrel-macos-arm64 1.1.3 54.00 NOTE
r-oldrel-macos-x86_64 1.1.3 81.00 NOTE
r-oldrel-windows-x86_64 1.1.3 28.00 107.00 135.00 OK

Check Details

Version: 1.1.3
Check: CRAN incoming feasibility
Result: NOTE Maintainer: ‘H. Battey <h.battey@imperial.ac.uk>’ No Authors@R field in DESCRIPTION. Please add one, modifying Authors@R: c(person(given = c("H.", "H."), family = "Hoeltgebaum", role = "aut"), person(given = "H.", family = "Battey", role = "cre", email = "h.battey@imperial.ac.uk")) as necessary. Flavors: r-devel-linux-x86_64-debian-clang, r-devel-linux-x86_64-debian-gcc

Version: 1.1.3
Check: installed package size
Result: NOTE installed size is 5.1Mb sub-directories of 1Mb or more: data 4.7Mb Flavors: r-oldrel-macos-arm64, r-oldrel-macos-x86_64