Last updated on 2025-05-06 21:51:45 CEST.
Flavor | Version | Tinstall | Tcheck | Ttotal | Status | Flags |
---|---|---|---|---|---|---|
r-devel-linux-x86_64-debian-clang | 1.1.4 | 8.69 | 66.30 | 74.99 | NOTE | |
r-devel-linux-x86_64-debian-gcc | 1.1.4 | 6.12 | 49.58 | 55.70 | NOTE | |
r-devel-linux-x86_64-fedora-clang | 1.1.4 | 110.30 | NOTE | |||
r-devel-linux-x86_64-fedora-gcc | 1.1.4 | 125.71 | NOTE | |||
r-devel-windows-x86_64 | 1.1.4 | 8.00 | 104.00 | 112.00 | NOTE | |
r-patched-linux-x86_64 | 1.1.4 | 8.59 | 64.20 | 72.79 | NOTE | |
r-release-linux-x86_64 | 1.1.4 | 7.82 | 63.03 | 70.85 | NOTE | |
r-release-macos-arm64 | 1.1.4 | 56.00 | NOTE | |||
r-release-macos-x86_64 | 1.1.4 | 83.00 | NOTE | |||
r-release-windows-x86_64 | 1.1.4 | 11.00 | 107.00 | 118.00 | NOTE | |
r-oldrel-macos-arm64 | 1.1.4 | 50.00 | NOTE | |||
r-oldrel-macos-x86_64 | 1.1.4 | 89.00 | NOTE | |||
r-oldrel-windows-x86_64 | 1.1.4 | 12.00 | 115.00 | 127.00 | NOTE |
Version: 1.1.4
Check: Rd files
Result: NOTE
checkRd: (-1) phenowheat.Rd:18: Lost braces in \enumerate; meant \describe ?
checkRd: (-1) phenowheat.Rd:19: Lost braces in \enumerate; meant \describe ?
Flavors: r-devel-linux-x86_64-debian-clang, r-devel-linux-x86_64-debian-gcc, r-devel-linux-x86_64-fedora-clang, r-devel-linux-x86_64-fedora-gcc, r-devel-windows-x86_64, r-patched-linux-x86_64, r-release-linux-x86_64, r-release-macos-arm64, r-release-macos-x86_64, r-release-windows-x86_64, r-oldrel-macos-arm64, r-oldrel-macos-x86_64, r-oldrel-windows-x86_64