Last updated on 2024-06-17 06:50:19 CEST.
Flavor | Version | Tinstall | Tcheck | Ttotal | Status | Flags |
---|---|---|---|---|---|---|
r-devel-linux-x86_64-debian-clang | 0.1.0 | 66.75 | 68.91 | 135.66 | OK | |
r-devel-linux-x86_64-debian-gcc | 0.1.0 | 53.13 | 51.73 | 104.86 | OK | |
r-devel-linux-x86_64-fedora-clang | 0.1.0 | 177.62 | OK | |||
r-devel-linux-x86_64-fedora-gcc | 0.1.0 | 195.54 | OK | |||
r-devel-windows-x86_64 | 0.1.0 | 52.00 | 82.00 | 134.00 | OK | |
r-patched-linux-x86_64 | 0.1.0 | 59.32 | 66.05 | 125.37 | OK | |
r-release-linux-x86_64 | 0.1.0 | 58.77 | 64.87 | 123.64 | OK | |
r-release-macos-arm64 | 0.1.0 | 47.00 | NOTE | |||
r-release-macos-x86_64 | 0.1.0 | 65.00 | NOTE | |||
r-release-windows-x86_64 | 0.1.0 | 52.00 | 87.00 | 139.00 | OK | |
r-oldrel-macos-arm64 | 0.1.0 | 52.00 | NOTE | |||
r-oldrel-macos-x86_64 | 0.1.0 | 110.00 | NOTE | |||
r-oldrel-windows-x86_64 | 0.1.0 | 63.00 | 104.00 | 167.00 | OK |
Version: 0.1.0
Check: installed package size
Result: NOTE
installed size is 6.2Mb
sub-directories of 1Mb or more:
libs 5.6Mb
Flavors: r-release-macos-arm64, r-release-macos-x86_64, r-oldrel-macos-arm64, r-oldrel-macos-x86_64