Last updated on 2024-06-16 11:57:57 CEST.
Flavor | Version | Tinstall | Tcheck | Ttotal | Status | Flags |
---|---|---|---|---|---|---|
r-devel-linux-x86_64-debian-clang | 2.2.1 | 12.27 | 117.66 | 129.93 | NOTE | |
r-devel-linux-x86_64-debian-gcc | 2.2.1 | 12.42 | 85.79 | 98.21 | NOTE | |
r-devel-linux-x86_64-fedora-clang | 2.2.1 | 169.87 | NOTE | |||
r-devel-linux-x86_64-fedora-gcc | 2.2.1 | 156.77 | NOTE | |||
r-devel-windows-x86_64 | 2.2.1 | 13.00 | 99.00 | 112.00 | NOTE | |
r-patched-linux-x86_64 | 2.2.1 | 17.96 | 113.09 | 131.05 | NOTE | |
r-release-linux-x86_64 | 2.2.1 | 15.47 | 108.53 | 124.00 | NOTE | |
r-release-macos-arm64 | 2.2.1 | 46.00 | NOTE | |||
r-release-macos-x86_64 | 2.2.1 | 82.00 | NOTE | |||
r-release-windows-x86_64 | 2.2.1 | 13.00 | 100.00 | 113.00 | NOTE | |
r-oldrel-macos-arm64 | 2.2.1 | 62.00 | OK | |||
r-oldrel-macos-x86_64 | 2.2.1 | 98.00 | OK | |||
r-oldrel-windows-x86_64 | 2.2.1 | 16.00 | 122.00 | 138.00 | OK |
Version: 2.2.1
Check: Rd files
Result: NOTE
checkRd: (-1) dblassoHIMA.Rd:47: Lost braces in \itemize; \value handles \item{}{} directly
checkRd: (-1) dblassoHIMA.Rd:48: Lost braces in \itemize; \value handles \item{}{} directly
checkRd: (-1) dblassoHIMA.Rd:49: Lost braces in \itemize; \value handles \item{}{} directly
checkRd: (-1) dblassoHIMA.Rd:50: Lost braces in \itemize; \value handles \item{}{} directly
checkRd: (-1) dblassoHIMA.Rd:51: Lost braces in \itemize; \value handles \item{}{} directly
checkRd: (-1) dblassoHIMA.Rd:52: Lost braces in \itemize; \value handles \item{}{} directly
checkRd: (-1) hima.Rd:69: Lost braces in \itemize; \value handles \item{}{} directly
checkRd: (-1) hima.Rd:70: Lost braces in \itemize; \value handles \item{}{} directly
checkRd: (-1) hima.Rd:71: Lost braces in \itemize; \value handles \item{}{} directly
checkRd: (-1) hima.Rd:72: Lost braces in \itemize; \value handles \item{}{} directly
checkRd: (-1) hima.Rd:73: Lost braces in \itemize; \value handles \item{}{} directly
checkRd: (-1) hima.Rd:74: Lost braces in \itemize; \value handles \item{}{} directly
checkRd: (-1) hima.Rd:75: Lost braces in \itemize; \value handles \item{}{} directly
checkRd: (-1) microHIMA.Rd:29: Lost braces in \itemize; \value handles \item{}{} directly
checkRd: (-1) microHIMA.Rd:30: Lost braces in \itemize; \value handles \item{}{} directly
checkRd: (-1) microHIMA.Rd:31: Lost braces in \itemize; \value handles \item{}{} directly
checkRd: (-1) microHIMA.Rd:32: Lost braces in \itemize; \value handles \item{}{} directly
checkRd: (-1) microHIMA.Rd:33: Lost braces in \itemize; \value handles \item{}{} directly
checkRd: (-1) microHIMA.Rd:34: Lost braces in \itemize; \value handles \item{}{} directly
checkRd: (-1) qHIMA.Rd:51: Lost braces in \itemize; \value handles \item{}{} directly
checkRd: (-1) qHIMA.Rd:52: Lost braces in \itemize; \value handles \item{}{} directly
checkRd: (-1) qHIMA.Rd:53: Lost braces in \itemize; \value handles \item{}{} directly
checkRd: (-1) qHIMA.Rd:54: Lost braces in \itemize; \value handles \item{}{} directly
checkRd: (-1) qHIMA.Rd:55: Lost braces in \itemize; \value handles \item{}{} directly
checkRd: (-1) qHIMA.Rd:56: Lost braces in \itemize; \value handles \item{}{} directly
checkRd: (-1) survHIMA.Rd:30: Lost braces in \itemize; \value handles \item{}{} directly
checkRd: (-1) survHIMA.Rd:31: Lost braces in \itemize; \value handles \item{}{} directly
checkRd: (-1) survHIMA.Rd:32: Lost braces in \itemize; \value handles \item{}{} directly
checkRd: (-1) survHIMA.Rd:33: Lost braces in \itemize; \value handles \item{}{} directly
checkRd: (-1) survHIMA.Rd:34: Lost braces in \itemize; \value handles \item{}{} directly
checkRd: (-1) survHIMA.Rd:35: Lost braces in \itemize; \value handles \item{}{} directly
Flavors: r-devel-linux-x86_64-debian-clang, r-devel-linux-x86_64-debian-gcc, r-devel-linux-x86_64-fedora-clang, r-devel-linux-x86_64-fedora-gcc, r-devel-windows-x86_64, r-patched-linux-x86_64, r-release-linux-x86_64, r-release-macos-arm64, r-release-macos-x86_64, r-release-windows-x86_64