Last updated on 2025-05-03 21:51:20 CEST.
Flavor | Version | Tinstall | Tcheck | Ttotal | Status | Flags |
---|---|---|---|---|---|---|
r-devel-linux-x86_64-debian-clang | 0.5.0 | 69.19 | 218.44 | 287.63 | NOTE | |
r-devel-linux-x86_64-debian-gcc | 0.5.0 | 48.89 | 156.07 | 204.96 | NOTE | |
r-devel-linux-x86_64-fedora-clang | 0.5.0 | 478.19 | NOTE | |||
r-devel-linux-x86_64-fedora-gcc | 0.5.0 | 485.85 | NOTE | |||
r-devel-windows-x86_64 | 0.5.0 | 76.00 | 231.00 | 307.00 | NOTE | |
r-patched-linux-x86_64 | 0.5.0 | 64.89 | 211.20 | 276.09 | NOTE | |
r-release-linux-x86_64 | NOTE | |||||
r-release-macos-arm64 | 0.5.0 | 131.00 | NOTE | |||
r-release-macos-x86_64 | 0.5.0 | 225.00 | NOTE | |||
r-release-windows-x86_64 | 0.5.0 | 78.00 | 227.00 | 305.00 | NOTE | |
r-oldrel-macos-arm64 | 0.5.0 | 138.00 | NOTE | |||
r-oldrel-macos-x86_64 | 0.5.0 | 245.00 | NOTE | |||
r-oldrel-windows-x86_64 | 0.5.0 | 95.00 | 321.00 | 416.00 | NOTE |
Version: 0.5.0
Check: CRAN incoming feasibility
Result: NOTE
Maintainer: ‘Adam Loy <loyad01@gmail.com>’
Package CITATION file contains call(s) to old-style personList() or
as.personList(). Please use c() on person objects instead.
Package CITATION file contains call(s) to old-style citEntry(). Please
use bibentry() instead.
Flavors: r-devel-linux-x86_64-debian-clang, r-devel-linux-x86_64-debian-gcc
Version: 0.5.0
Check: C++ specification
Result: NOTE
Specified C++11: please drop specification unless essential
Flavors: r-devel-linux-x86_64-debian-clang, r-devel-linux-x86_64-debian-gcc, r-devel-linux-x86_64-fedora-clang, r-devel-linux-x86_64-fedora-gcc, r-devel-windows-x86_64, r-patched-linux-x86_64, r-release-linux-x86_64, r-release-macos-arm64, r-release-macos-x86_64, r-release-windows-x86_64, r-oldrel-macos-arm64, r-oldrel-macos-x86_64, r-oldrel-windows-x86_64
Version: 0.5.0
Check: Rd cross-references
Result: NOTE
Found the following Rd file(s) with Rd \link{} targets missing package
anchors:
hlm_resid.lmerMod.Rd: ranef
Please provide package anchors for all Rd \link{} targets not in the
package itself and the base packages.
Flavors: r-devel-linux-x86_64-debian-clang, r-devel-linux-x86_64-debian-gcc, r-devel-windows-x86_64, r-patched-linux-x86_64, r-release-linux-x86_64, r-release-windows-x86_64