Last updated on 2024-06-17 06:50:19 CEST.
Flavor | Version | Tinstall | Tcheck | Ttotal | Status | Flags |
---|---|---|---|---|---|---|
r-devel-linux-x86_64-debian-clang | 1.1.9 | 19.38 | 113.00 | 132.38 | NOTE | |
r-devel-linux-x86_64-debian-gcc | 1.1.9 | 13.40 | 81.98 | 95.38 | NOTE | |
r-devel-linux-x86_64-fedora-clang | 1.1.9 | 158.65 | NOTE | |||
r-devel-linux-x86_64-fedora-gcc | 1.1.9 | 152.80 | NOTE | |||
r-devel-windows-x86_64 | 1.1.9 | 13.00 | 87.00 | 100.00 | NOTE | |
r-patched-linux-x86_64 | 1.1.9 | 12.56 | 105.71 | 118.27 | NOTE | |
r-release-linux-x86_64 | 1.1.9 | 10.43 | 107.91 | 118.34 | NOTE | |
r-release-macos-arm64 | 1.1.9 | 46.00 | NOTE | |||
r-release-macos-x86_64 | 1.1.9 | 68.00 | NOTE | |||
r-release-windows-x86_64 | 1.1.9 | 14.00 | 90.00 | 104.00 | NOTE | |
r-oldrel-macos-arm64 | 1.1.9 | 49.00 | NOTE | |||
r-oldrel-macos-x86_64 | 1.1.9 | 75.00 | NOTE | |||
r-oldrel-windows-x86_64 | 1.1.9 | 19.00 | 110.00 | 129.00 | NOTE |
Version: 1.1.9
Check: LazyData
Result: NOTE
'LazyData' is specified without a 'data' directory
Flavors: r-devel-linux-x86_64-debian-clang, r-devel-linux-x86_64-debian-gcc, r-devel-linux-x86_64-fedora-clang, r-devel-linux-x86_64-fedora-gcc, r-devel-windows-x86_64, r-patched-linux-x86_64, r-release-linux-x86_64, r-release-macos-arm64, r-release-macos-x86_64, r-release-windows-x86_64, r-oldrel-macos-arm64, r-oldrel-macos-x86_64, r-oldrel-windows-x86_64