Last updated on 2025-05-03 12:54:43 CEST.
Flavor | Version | Tinstall | Tcheck | Ttotal | Status | Flags |
---|---|---|---|---|---|---|
r-devel-linux-x86_64-debian-clang | 0.0.3 | 6.38 | 61.75 | 68.13 | NOTE | |
r-devel-linux-x86_64-debian-gcc | 0.0.3 | 4.12 | 43.20 | 47.32 | NOTE | |
r-devel-linux-x86_64-fedora-clang | 0.0.3 | 96.44 | OK | |||
r-devel-linux-x86_64-fedora-gcc | 0.0.3 | 280.17 | OK | |||
r-devel-windows-x86_64 | 0.0.3 | 8.00 | 75.00 | 83.00 | OK | |
r-patched-linux-x86_64 | 0.0.3 | 6.41 | 56.99 | 63.40 | OK | |
r-release-linux-x86_64 | OK | |||||
r-release-macos-arm64 | 0.0.3 | 92.00 | OK | |||
r-release-macos-x86_64 | 0.0.3 | 149.00 | OK | |||
r-release-windows-x86_64 | 0.0.3 | 8.00 | 76.00 | 84.00 | OK | |
r-oldrel-macos-arm64 | 0.0.3 | 70.00 | OK | |||
r-oldrel-macos-x86_64 | 0.0.3 | 122.00 | OK | |||
r-oldrel-windows-x86_64 | 0.0.3 | 10.00 | 89.00 | 99.00 | OK |
Version: 0.0.3
Check: CRAN incoming feasibility
Result: NOTE
Maintainer: ‘Ruidong Li <rli012@ucr.edu>’
No Authors@R field in DESCRIPTION.
Please add one, modifying
Authors@R: c(person(given = "Ruidong",
family = "Li",
role = c("aut", "cre"),
email = "rli012@ucr.edu"),
person(given = "Han",
family = "Qu",
role = "aut"),
person(given = "Jinfeng",
family = "Chen",
role = "aut"),
person(given = "Shibo",
family = "Wang",
role = "aut"),
person(family = "Le Zhang",
role = "aut"),
person(given = "Julong",
family = "Wei",
role = "aut"),
person(given = c("Sergio", "Pietro"),
family = "Ferrante",
role = "aut"),
person(given = c("Mikeal", "L."),
family = "Roose",
role = "aut"),
person(given = "Zhenyu",
family = "Jia",
role = "aut"))
as necessary.
Flavors: r-devel-linux-x86_64-debian-clang, r-devel-linux-x86_64-debian-gcc