Last updated on 2025-05-07 21:53:49 CEST.
Flavor | Version | Tinstall | Tcheck | Ttotal | Status | Flags |
---|---|---|---|---|---|---|
r-devel-linux-x86_64-debian-clang | 1.0 | 1.97 | 17.88 | 19.85 | OK | |
r-devel-linux-x86_64-debian-gcc | 1.0 | 1.55 | 14.67 | 16.22 | OK | |
r-devel-linux-x86_64-fedora-clang | 1.0 | 30.77 | OK | |||
r-devel-linux-x86_64-fedora-gcc | 1.0 | 28.69 | OK | |||
r-devel-windows-x86_64 | 1.0 | 3.00 | 39.00 | 42.00 | OK | |
r-patched-linux-x86_64 | 1.0 | 1.94 | 16.97 | 18.91 | OK | |
r-release-linux-x86_64 | 1.0 | 1.86 | 16.82 | 18.68 | OK | |
r-release-macos-arm64 | 1.0 | 14.00 | OK | |||
r-release-macos-x86_64 | 1.0 | 22.00 | OK | |||
r-release-windows-x86_64 | 1.0 | 3.00 | 39.00 | 42.00 | OK | |
r-oldrel-macos-arm64 | 1.0 | 13.00 | NOTE | |||
r-oldrel-macos-x86_64 | 1.0 | 19.00 | NOTE | |||
r-oldrel-windows-x86_64 | 1.0 | 3.00 | 38.00 | 41.00 | NOTE |
Version: 1.0
Check: LazyData
Result: NOTE
'LazyData' is specified without a 'data' directory
Flavors: r-oldrel-macos-arm64, r-oldrel-macos-x86_64, r-oldrel-windows-x86_64