CRAN Package Check Results for Package HighestMedianRules

Last updated on 2025-07-22 12:49:35 CEST.

Flavor Version Tinstall Tcheck Ttotal Status Flags
r-devel-linux-x86_64-debian-clang 1.0 1.95 18.14 20.09 OK
r-devel-linux-x86_64-debian-gcc 1.0 1.45 15.50 16.95 OK
r-devel-linux-x86_64-fedora-clang 1.0 30.83 OK
r-devel-linux-x86_64-fedora-gcc 1.0 29.28 OK
r-devel-windows-x86_64 1.0 3.00 38.00 41.00 OK
r-patched-linux-x86_64 1.0 2.02 17.18 19.20 OK
r-release-linux-x86_64 1.0 1.86 16.95 18.81 OK
r-release-macos-arm64 1.0 14.00 OK
r-release-macos-x86_64 1.0 22.00 OK
r-release-windows-x86_64 1.0 3.00 39.00 42.00 OK
r-oldrel-macos-arm64 1.0 13.00 NOTE
r-oldrel-macos-x86_64 1.0 19.00 NOTE
r-oldrel-windows-x86_64 1.0 3.00 38.00 41.00 NOTE

Check Details

Version: 1.0
Check: LazyData
Result: NOTE 'LazyData' is specified without a 'data' directory Flavors: r-oldrel-macos-arm64, r-oldrel-macos-x86_64, r-oldrel-windows-x86_64