Last updated on 2025-05-03 21:51:21 CEST.
Flavor | Version | Tinstall | Tcheck | Ttotal | Status | Flags |
---|---|---|---|---|---|---|
r-devel-linux-x86_64-debian-clang | 0.3 | 5.70 | 45.06 | 50.76 | NOTE | |
r-devel-linux-x86_64-debian-gcc | 0.3 | 3.97 | 32.19 | 36.16 | NOTE | |
r-devel-linux-x86_64-fedora-clang | 0.3 | 68.66 | NOTE | |||
r-devel-linux-x86_64-fedora-gcc | 0.3 | 74.84 | NOTE | |||
r-devel-windows-x86_64 | 0.3 | 7.00 | 64.00 | 71.00 | NOTE | |
r-patched-linux-x86_64 | 0.3 | 5.37 | 42.14 | 47.51 | NOTE | |
r-release-linux-x86_64 | NOTE | |||||
r-release-macos-arm64 | 0.3 | 30.00 | NOTE | |||
r-release-macos-x86_64 | 0.3 | 57.00 | NOTE | |||
r-release-windows-x86_64 | 0.3 | 8.00 | 64.00 | 72.00 | NOTE | |
r-oldrel-macos-arm64 | 0.3 | 25.00 | NOTE | |||
r-oldrel-macos-x86_64 | 0.3 | 46.00 | NOTE | |||
r-oldrel-windows-x86_64 | 0.3 | 9.00 | 74.00 | 83.00 | NOTE |
Version: 0.3
Check: CRAN incoming feasibility
Result: NOTE
Maintainer: ‘Dan Martin <dpmartin42@gmail.com>’
No Authors@R field in DESCRIPTION.
Please add one, modifying
Authors@R: person(given = "Dan",
family = "Martin",
role = c("aut", "cre"),
email = "dpmartin42@gmail.com")
as necessary.
Flavors: r-devel-linux-x86_64-debian-clang, r-devel-linux-x86_64-debian-gcc
Version: 0.3
Check: Rd files
Result: NOTE
checkRd: (-1) IATData.Rd:24: Lost braces; missing escapes or markup?
24 | Dan Martin {dpmartin42@gmail.com}
| ^
Flavors: r-devel-linux-x86_64-debian-clang, r-devel-linux-x86_64-debian-gcc, r-devel-linux-x86_64-fedora-clang, r-devel-linux-x86_64-fedora-gcc, r-devel-windows-x86_64, r-patched-linux-x86_64, r-release-linux-x86_64, r-release-macos-arm64, r-release-macos-x86_64, r-release-windows-x86_64, r-oldrel-macos-arm64, r-oldrel-macos-x86_64, r-oldrel-windows-x86_64