Last updated on 2025-05-03 21:51:21 CEST.
Flavor | Version | Tinstall | Tcheck | Ttotal | Status | Flags |
---|---|---|---|---|---|---|
r-devel-linux-x86_64-debian-clang | 0.0.1 | 3.76 | 43.78 | 47.54 | NOTE | |
r-devel-linux-x86_64-debian-gcc | 0.0.1 | 3.42 | 32.25 | 35.67 | NOTE | |
r-devel-linux-x86_64-fedora-clang | 0.0.1 | 72.93 | NOTE | |||
r-devel-linux-x86_64-fedora-gcc | 0.0.1 | 84.99 | NOTE | |||
r-devel-windows-x86_64 | 0.0.1 | 5.00 | 63.00 | 68.00 | OK | |
r-patched-linux-x86_64 | 0.0.1 | 3.61 | 44.90 | 48.51 | OK | |
r-release-linux-x86_64 | OK | |||||
r-release-macos-arm64 | 0.0.1 | 47.00 | OK | |||
r-release-macos-x86_64 | 0.0.1 | 72.00 | OK | |||
r-release-windows-x86_64 | 0.0.1 | 7.00 | 62.00 | 69.00 | OK | |
r-oldrel-macos-arm64 | 0.0.1 | 27.00 | OK | |||
r-oldrel-macos-x86_64 | 0.0.1 | 46.00 | OK | |||
r-oldrel-windows-x86_64 | 0.0.1 | 7.00 | 79.00 | 86.00 | OK |
Version: 0.0.1
Check: CRAN incoming feasibility
Result: NOTE
Maintainer: ‘Sam Parsons <sam.parsons@radboudumc.nl>’
Package CITATION file contains call(s) to old-style personList() or
as.personList(). Please use c() on person objects instead.
Package CITATION file contains call(s) to old-style citEntry(). Please
use bibentry() instead.
The BugReports field in DESCRIPTION has
https://github.com/sdparsons/ICED
which should likely be
https://github.com/sdparsons/ICED/issues
instead.
Flavors: r-devel-linux-x86_64-debian-clang, r-devel-linux-x86_64-debian-gcc
Version: 0.0.1
Check: dependencies in R code
Result: NOTE
Namespace in Imports field not imported from: ‘knitr’
All declared Imports should be used.
Flavors: r-devel-linux-x86_64-fedora-clang, r-devel-linux-x86_64-fedora-gcc