Last updated on 2025-05-07 06:49:51 CEST.
Flavor | Version | Tinstall | Tcheck | Ttotal | Status | Flags |
---|---|---|---|---|---|---|
r-devel-linux-x86_64-debian-clang | 1.3 | 2.46 | 51.26 | 53.72 | NOTE | |
r-devel-linux-x86_64-debian-gcc | 1.3 | 1.94 | 36.08 | 38.02 | NOTE | |
r-devel-linux-x86_64-fedora-clang | 1.3 | 77.49 | NOTE | |||
r-devel-linux-x86_64-fedora-gcc | 1.3 | 77.91 | NOTE | |||
r-devel-windows-x86_64 | 1.3 | 4.00 | 70.00 | 74.00 | NOTE | |
r-patched-linux-x86_64 | 1.3 | 3.19 | 48.82 | 52.01 | NOTE | |
r-release-linux-x86_64 | 1.3 | 2.93 | 48.43 | 51.36 | NOTE | |
r-release-macos-arm64 | 1.3 | 30.00 | NOTE | |||
r-release-macos-x86_64 | 1.3 | 52.00 | NOTE | |||
r-release-windows-x86_64 | 1.3 | 5.00 | 73.00 | 78.00 | NOTE | |
r-oldrel-macos-arm64 | 1.3 | 28.00 | NOTE | |||
r-oldrel-macos-x86_64 | 1.3 | 43.00 | NOTE | |||
r-oldrel-windows-x86_64 | 1.3 | 4.00 | 82.00 | 86.00 | NOTE |
Version: 1.3
Check: CRAN incoming feasibility
Result: NOTE
Maintainer: ‘Bob Obenchain <wizbob@att.net>’
No Authors@R field in DESCRIPTION.
Please add one, modifying
Authors@R: person(given = "Bob",
family = "Obenchain",
role = c("aut", "cre"),
email = "wizbob@att.net")
as necessary.
Flavors: r-devel-linux-x86_64-debian-clang, r-devel-linux-x86_64-debian-gcc
Version: 1.3
Check: Rd files
Result: NOTE
checkRd: (-1) ICEscale.Rd:53: Escaped LaTeX specials: \^
checkRd: (-1) dpwdg.Rd:14: Escaped LaTeX specials: \$
checkRd: (-1) dpwdg.Rd:15: Escaped LaTeX specials: \$
Flavors: r-devel-linux-x86_64-debian-clang, r-devel-linux-x86_64-debian-gcc, r-devel-linux-x86_64-fedora-clang, r-devel-linux-x86_64-fedora-gcc, r-devel-windows-x86_64, r-patched-linux-x86_64, r-release-linux-x86_64, r-release-macos-arm64, r-release-macos-x86_64, r-release-windows-x86_64, r-oldrel-macos-arm64, r-oldrel-macos-x86_64, r-oldrel-windows-x86_64