Last updated on 2025-05-03 12:54:44 CEST.
Flavor | Version | Tinstall | Tcheck | Ttotal | Status | Flags |
---|---|---|---|---|---|---|
r-devel-linux-x86_64-debian-clang | 0.1.0 | 35.65 | 165.49 | 201.14 | NOTE | |
r-devel-linux-x86_64-debian-gcc | 0.1.0 | 23.44 | 120.56 | 144.00 | NOTE | |
r-devel-linux-x86_64-fedora-clang | 0.1.0 | 317.69 | OK | |||
r-devel-linux-x86_64-fedora-gcc | 0.1.0 | 308.53 | OK | |||
r-devel-windows-x86_64 | 0.1.0 | 44.00 | 166.00 | 210.00 | NOTE | |
r-patched-linux-x86_64 | 0.1.0 | 32.54 | 153.58 | 186.12 | NOTE | |
r-release-linux-x86_64 | NOTE | |||||
r-release-macos-arm64 | 0.1.0 | 73.00 | OK | |||
r-release-macos-x86_64 | 0.1.0 | 147.00 | OK | |||
r-release-windows-x86_64 | 0.1.0 | 41.00 | 169.00 | 210.00 | NOTE | |
r-oldrel-macos-arm64 | 0.1.0 | 73.00 | OK | |||
r-oldrel-macos-x86_64 | 0.1.0 | 111.00 | OK | |||
r-oldrel-windows-x86_64 | 0.1.0 | 50.00 | 219.00 | 269.00 | OK |
Version: 0.1.0
Check: CRAN incoming feasibility
Result: NOTE
Maintainer: ‘Aurore Archimbaud <aurore.archimbaud@live.fr>’
The Description field contains
K.and Ruiz-Gazen, A. (2022) <arXiv:2212.06108>.
Please refer to arXiv e-prints via their arXiv DOI <doi:10.48550/arXiv.YYMM.NNNNN>.
Flavors: r-devel-linux-x86_64-debian-clang, r-devel-linux-x86_64-debian-gcc
Version: 0.1.0
Check: Rd cross-references
Result: NOTE
Found the following Rd file(s) with Rd \link{} targets missing package
anchors:
ICSClust.Rd: ICS-S3
component_plot.Rd: ICS-S3
normal_crit.Rd: jarque.test, anscombe.test, bonett.test,
agostino.test
Please provide package anchors for all Rd \link{} targets not in the
package itself and the base packages.
Flavors: r-devel-linux-x86_64-debian-clang, r-devel-linux-x86_64-debian-gcc, r-devel-windows-x86_64, r-patched-linux-x86_64, r-release-linux-x86_64, r-release-windows-x86_64