Last updated on 2025-05-06 03:51:05 CEST.
Flavor | Version | Tinstall | Tcheck | Ttotal | Status | Flags |
---|---|---|---|---|---|---|
r-devel-linux-x86_64-debian-clang | 0.1-12 | 5.54 | 48.04 | 53.58 | NOTE | |
r-devel-linux-x86_64-debian-gcc | 0.1-12 | 4.38 | 36.76 | 41.14 | NOTE | |
r-devel-linux-x86_64-fedora-clang | 0.1-12 | 89.48 | OK | |||
r-devel-linux-x86_64-fedora-gcc | 0.1-12 | 101.09 | OK | |||
r-devel-windows-x86_64 | 0.1-12 | 8.00 | 65.00 | 73.00 | OK | |
r-patched-linux-x86_64 | 0.1-12 | 5.40 | 46.92 | 52.32 | OK | |
r-release-linux-x86_64 | 0.1-12 | 4.99 | 46.29 | 51.28 | OK | |
r-release-macos-arm64 | 0.1-12 | 30.00 | OK | |||
r-release-macos-x86_64 | 0.1-12 | 50.00 | OK | |||
r-release-windows-x86_64 | 0.1-12 | 6.00 | 65.00 | 71.00 | OK | |
r-oldrel-macos-arm64 | 0.1-12 | 26.00 | NOTE | |||
r-oldrel-macos-x86_64 | 0.1-12 | 37.00 | NOTE | |||
r-oldrel-windows-x86_64 | 0.1-12 | 8.00 | 77.00 | 85.00 | OK |
Version: 0.1-12
Check: CRAN incoming feasibility
Result: NOTE
Maintainer: ‘Virgilio Gómez-Rubio <virgilio.gomez@uclm.es>’
No Authors@R field in DESCRIPTION.
Please add one, modifying
Authors@R: c(person(given = "Virgilio",
family = "Gómez-Rubio",
role = c("aut", "cre"),
email = "virgilio.gomez@uclm.es"),
person(given = "Roger",
family = "Bivand",
role = "aut",
email = "Roger.Bivand@nhh.no"))
as necessary.
Flavors: r-devel-linux-x86_64-debian-clang, r-devel-linux-x86_64-debian-gcc
Version: 0.1-12
Check: package dependencies
Result: NOTE
Package suggested but not available for checking: ‘INLA’
Flavors: r-oldrel-macos-arm64, r-oldrel-macos-x86_64