Last updated on 2024-06-17 06:50:20 CEST.
Flavor | Version | Tinstall | Tcheck | Ttotal | Status | Flags |
---|---|---|---|---|---|---|
r-devel-linux-x86_64-debian-clang | 0.1.8.10 | 54.48 | 148.14 | 202.62 | OK | |
r-devel-linux-x86_64-debian-gcc | 0.1.8.10 | 39.28 | 109.05 | 148.33 | OK | |
r-devel-linux-x86_64-fedora-clang | 0.1.8.10 | 263.76 | NOTE | |||
r-devel-linux-x86_64-fedora-gcc | 0.1.8.10 | 257.42 | NOTE | |||
r-devel-windows-x86_64 | 0.1.8.10 | 45.00 | 169.00 | 214.00 | OK | |
r-patched-linux-x86_64 | 0.1.8.10 | 49.49 | 141.99 | 191.48 | OK | |
r-release-linux-x86_64 | 0.1.8.10 | 36.44 | 141.53 | 177.97 | OK | |
r-release-macos-arm64 | 0.1.8.10 | 75.00 | NOTE | |||
r-release-macos-x86_64 | 0.1.8.10 | 108.00 | NOTE | |||
r-release-windows-x86_64 | 0.1.8.10 | 49.00 | 163.00 | 212.00 | OK | |
r-oldrel-macos-arm64 | 0.1.8.10 | 85.00 | NOTE | |||
r-oldrel-macos-x86_64 | 0.1.8.10 | 157.00 | NOTE | |||
r-oldrel-windows-x86_64 | 0.1.8.10 | 57.00 | 210.00 | 267.00 | OK |
Version: 0.1.8.10
Check: data for non-ASCII characters
Result: NOTE
Note: found 102 marked UTF-8 strings
Flavors: r-devel-linux-x86_64-fedora-clang, r-devel-linux-x86_64-fedora-gcc
Version: 0.1.8.10
Check: installed package size
Result: NOTE
installed size is 5.1Mb
sub-directories of 1Mb or more:
data 1.4Mb
libs 1.8Mb
shiny-server 1.0Mb
Flavors: r-release-macos-arm64, r-release-macos-x86_64, r-oldrel-macos-arm64, r-oldrel-macos-x86_64