Last updated on 2025-05-03 21:51:21 CEST.
Flavor | Version | Tinstall | Tcheck | Ttotal | Status | Flags |
---|---|---|---|---|---|---|
r-devel-linux-x86_64-debian-clang | 1.1 | 1.64 | 22.13 | 23.77 | NOTE | |
r-devel-linux-x86_64-debian-gcc | 1.1 | 1.49 | 17.88 | 19.37 | NOTE | |
r-devel-linux-x86_64-fedora-clang | 1.1 | 38.36 | OK | |||
r-devel-linux-x86_64-fedora-gcc | 1.1 | 54.33 | OK | |||
r-devel-windows-x86_64 | 1.1 | 3.00 | 44.00 | 47.00 | OK | |
r-patched-linux-x86_64 | 1.1 | 2.03 | 21.24 | 23.27 | OK | |
r-release-linux-x86_64 | OK | |||||
r-release-macos-arm64 | 1.1 | 22.00 | OK | |||
r-release-macos-x86_64 | 1.1 | 40.00 | OK | |||
r-release-windows-x86_64 | 1.1 | 3.00 | 45.00 | 48.00 | OK | |
r-oldrel-macos-arm64 | 1.1 | 21.00 | OK | |||
r-oldrel-macos-x86_64 | 1.1 | 31.00 | OK | |||
r-oldrel-windows-x86_64 | 1.1 | 5.00 | 49.00 | 54.00 | OK |
Version: 1.1
Check: CRAN incoming feasibility
Result: NOTE
Maintainer: ‘Niklas Hohmann <Niklas.Hohmann@fau.de>’
No Authors@R field in DESCRIPTION.
Please add one, modifying
Authors@R: person(given = "Niklas",
family = "Hohmann",
role = c("aut", "cre"),
email = "niklas.hohmann@fau.de")
as necessary.
The Description field contains
(2019) <arXiv:1901.10754>.
Please refer to arXiv e-prints via their arXiv DOI <doi:10.48550/arXiv.YYMM.NNNNN>.
Flavors: r-devel-linux-x86_64-debian-clang, r-devel-linux-x86_64-debian-gcc