Last updated on 2025-05-03 21:51:21 CEST.
Flavor | Version | Tinstall | Tcheck | Ttotal | Status | Flags |
---|---|---|---|---|---|---|
r-devel-linux-x86_64-debian-clang | 0.1.2 | 1.96 | 24.41 | 26.37 | NOTE | |
r-devel-linux-x86_64-debian-gcc | 0.1.2 | 1.62 | 19.64 | 21.26 | NOTE | |
r-devel-linux-x86_64-fedora-clang | 0.1.2 | 40.31 | OK | |||
r-devel-linux-x86_64-fedora-gcc | 0.1.2 | 63.62 | OK | |||
r-devel-windows-x86_64 | 0.1.2 | 3.00 | 46.00 | 49.00 | OK | |
r-patched-linux-x86_64 | 0.1.2 | 2.02 | 22.30 | 24.32 | OK | |
r-release-linux-x86_64 | OK | |||||
r-release-macos-arm64 | 0.1.2 | 26.00 | OK | |||
r-release-macos-x86_64 | 0.1.2 | 44.00 | OK | |||
r-release-windows-x86_64 | 0.1.2 | 4.00 | 46.00 | 50.00 | OK | |
r-oldrel-macos-arm64 | 0.1.2 | 24.00 | OK | |||
r-oldrel-macos-x86_64 | 0.1.2 | 35.00 | OK | |||
r-oldrel-windows-x86_64 | 0.1.2 | 4.00 | 48.00 | 52.00 | OK |
Version: 0.1.2
Check: CRAN incoming feasibility
Result: NOTE
Maintainer: ‘Matthew Jackson <mattjackson4@gmail.com>’
Package CITATION file contains call(s) to old-style citEntry(). Please
use bibentry() instead.
Flavors: r-devel-linux-x86_64-debian-clang, r-devel-linux-x86_64-debian-gcc