Last updated on 2025-05-03 21:51:21 CEST.
Flavor | Version | Tinstall | Tcheck | Ttotal | Status | Flags |
---|---|---|---|---|---|---|
r-devel-linux-x86_64-debian-clang | 0.2.0 | 1.51 | 28.82 | 30.33 | NOTE | |
r-devel-linux-x86_64-debian-gcc | 0.2.0 | 1.56 | 22.87 | 24.43 | NOTE | |
r-devel-linux-x86_64-fedora-clang | 0.2.0 | 47.79 | OK | |||
r-devel-linux-x86_64-fedora-gcc | 0.2.0 | 48.80 | OK | |||
r-devel-windows-x86_64 | 0.2.0 | 3.00 | 54.00 | 57.00 | OK | |
r-patched-linux-x86_64 | 0.2.0 | 2.22 | 27.69 | 29.91 | OK | |
r-release-linux-x86_64 | OK | |||||
r-release-macos-arm64 | 0.2.0 | 22.00 | OK | |||
r-release-macos-x86_64 | 0.2.0 | 34.00 | OK | |||
r-release-windows-x86_64 | 0.2.0 | 3.00 | 52.00 | 55.00 | OK | |
r-oldrel-macos-arm64 | 0.2.0 | 20.00 | OK | |||
r-oldrel-macos-x86_64 | 0.2.0 | 29.00 | OK | |||
r-oldrel-windows-x86_64 | 0.2.0 | 4.00 | 56.00 | 60.00 | OK |
Version: 0.2.0
Check: CRAN incoming feasibility
Result: NOTE
Maintainer: ‘Daniel Grose <dan.grose@lancaster.ac.uk>’
No Authors@R field in DESCRIPTION.
Please add one, modifying
Authors@R: c(person(given = c("Thomas", "B."),
family = "Berrett",
role = "aut",
email = "t.berrett@statslab.cam.ac.uk"),
person(given = c("Daniel", "J."),
family = "Grose",
role = c("cre", "ctb"),
email = "dan.grose@lancaster.ac.uk"),
person(given = c("Richard", "J."),
family = "Samworth",
role = "aut",
email = "r.samworth@statslab.cam.ac.uk"))
as necessary.
Flavors: r-devel-linux-x86_64-debian-clang, r-devel-linux-x86_64-debian-gcc