Last updated on 2025-05-03 21:51:21 CEST.
Flavor | Version | Tinstall | Tcheck | Ttotal | Status | Flags |
---|---|---|---|---|---|---|
r-devel-linux-x86_64-debian-clang | 1.1.9 | 15.10 | 42.38 | 57.48 | NOTE | |
r-devel-linux-x86_64-debian-gcc | 1.1.9 | 11.25 | 30.92 | 42.17 | NOTE | |
r-devel-linux-x86_64-fedora-clang | 1.1.9 | 99.10 | NOTE | |||
r-devel-linux-x86_64-fedora-gcc | 1.1.9 | 100.13 | NOTE | |||
r-devel-windows-x86_64 | 1.1.9 | 20.00 | 86.00 | 106.00 | OK | |
r-patched-linux-x86_64 | 1.1.9 | 13.57 | 41.64 | 55.21 | NOTE | |
r-release-linux-x86_64 | NOTE | |||||
r-release-macos-arm64 | 1.1.9 | 51.00 | OK | |||
r-release-macos-x86_64 | 1.1.9 | 52.00 | OK | |||
r-release-windows-x86_64 | 1.1.9 | 18.00 | 85.00 | 103.00 | OK | |
r-oldrel-macos-arm64 | 1.1.9 | 34.00 | OK | |||
r-oldrel-macos-x86_64 | 1.1.9 | 44.00 | OK | |||
r-oldrel-windows-x86_64 | 1.1.9 | 22.00 | 101.00 | 123.00 | OK |
Version: 1.1.9
Check: CRAN incoming feasibility
Result: NOTE
Maintainer: ‘Raziur Rahman <razeeebuet@gmail.com>’
No Authors@R field in DESCRIPTION.
Please add one, modifying
Authors@R: c(person(given = "Raziur",
family = "Rahman",
role = c("aut", "cre"),
email = "razeeebuet@gmail.com"),
person(given = "Ranadip",
family = "Pal",
role = "aut"))
as necessary.
Flavors: r-devel-linux-x86_64-debian-clang, r-devel-linux-x86_64-debian-gcc
Version: 1.1.9
Check: for non-standard things in the check directory
Result: NOTE
Found the following files/directories:
‘Error_Estimation_Response_1.tiff’ ‘Error_Estimation_Response_2.tiff’
‘Error_Estimation_Response_3.tiff’
Flavors: r-devel-linux-x86_64-debian-clang, r-devel-linux-x86_64-debian-gcc, r-devel-linux-x86_64-fedora-clang, r-devel-linux-x86_64-fedora-gcc, r-patched-linux-x86_64, r-release-linux-x86_64