CRAN Package Check Results for Package InterVA4

Last updated on 2025-05-03 21:51:21 CEST.

Flavor Version Tinstall Tcheck Ttotal Status Flags
r-devel-linux-x86_64-debian-clang 1.7.6 2.47 31.93 34.40 NOTE
r-devel-linux-x86_64-debian-gcc 1.7.6 1.74 23.93 25.67 NOTE
r-devel-linux-x86_64-fedora-clang 1.7.6 56.04 OK
r-devel-linux-x86_64-fedora-gcc 1.7.6 54.35 OK
r-devel-windows-x86_64 1.7.6 3.00 60.00 63.00 OK
r-patched-linux-x86_64 1.7.6 2.24 30.93 33.17 OK
r-release-linux-x86_64 OK
r-release-macos-arm64 1.7.6 23.00 OK
r-release-macos-x86_64 1.7.6 41.00 OK
r-release-windows-x86_64 1.7.6 4.00 59.00 63.00 OK
r-oldrel-macos-arm64 1.7.6 21.00 OK
r-oldrel-macos-x86_64 1.7.6 40.00 OK
r-oldrel-windows-x86_64 1.7.6 3.00 67.00 70.00 OK

Check Details

Version: 1.7.6
Check: CRAN incoming feasibility
Result: NOTE Maintainer: ‘Zehang Richard Li <lizehang@gmail.com>’ No Authors@R field in DESCRIPTION. Please add one, modifying Authors@R: c(person(given = c("Zehang", "Richard"), family = "Li", role = c("aut", "cre"), email = "lizehang@gmail.com"), person(given = "Tyler", family = "McCormick", role = "aut"), person(given = "Sam", family = "Clark", role = "aut"), person(given = "Peter", family = "Byass", role = "aut")) as necessary. Package CITATION file contains call(s) to old-style personList() or as.personList(). Please use c() on person objects instead. Package CITATION file contains call(s) to old-style citEntry(). Please use bibentry() instead. Flavors: r-devel-linux-x86_64-debian-clang, r-devel-linux-x86_64-debian-gcc