Last updated on 2025-07-22 12:49:35 CEST.
Flavor | Version | Tinstall | Tcheck | Ttotal | Status | Flags |
---|---|---|---|---|---|---|
r-devel-linux-x86_64-debian-clang | 1.1.3 | 3.20 | 164.99 | 168.19 | OK | |
r-devel-linux-x86_64-debian-gcc | 1.1.3 | 2.40 | 98.27 | 100.67 | OK | |
r-devel-linux-x86_64-fedora-clang | 1.1.3 | 252.36 | NOTE | |||
r-devel-linux-x86_64-fedora-gcc | 1.1.3 | 247.62 | NOTE | |||
r-devel-windows-x86_64 | 1.1.3 | 5.00 | 268.00 | 273.00 | OK | |
r-patched-linux-x86_64 | 1.1.3 | 3.28 | 164.35 | 167.63 | OK | |
r-release-linux-x86_64 | 1.1.3 | 2.59 | 165.54 | 168.13 | OK | |
r-release-macos-arm64 | 1.1.3 | 100.00 | OK | |||
r-release-macos-x86_64 | 1.1.3 | 128.00 | OK | |||
r-release-windows-x86_64 | 1.1.3 | 5.00 | 260.00 | 265.00 | OK | |
r-oldrel-macos-arm64 | 1.1.3 | 73.00 | OK | |||
r-oldrel-macos-x86_64 | 1.1.3 | 105.00 | OK | |||
r-oldrel-windows-x86_64 | 1.1.3 | 7.00 | 343.00 | 350.00 | OK |
Version: 1.1.3
Check: dependencies in R code
Result: NOTE
Namespaces in Imports field not imported from:
‘curl’ ‘readxl’
All declared Imports should be used.
Flavors: r-devel-linux-x86_64-fedora-clang, r-devel-linux-x86_64-fedora-gcc