CRAN Package Check Results for Package InterfaceqPCR

Last updated on 2025-05-03 12:54:44 CEST.

Flavor Version Tinstall Tcheck Ttotal Status Flags
r-devel-linux-x86_64-debian-clang 1.0.1 13.18 85.47 98.65 NOTE
r-devel-linux-x86_64-debian-gcc 1.0.1 10.88 67.52 78.40 NOTE
r-devel-linux-x86_64-fedora-clang 1.0.1 171.78 OK
r-devel-linux-x86_64-fedora-gcc 1.0.1 168.49 OK
r-devel-windows-x86_64 1.0.1 11.00 82.00 93.00 OK
r-patched-linux-x86_64 1.0.1 12.69 84.67 97.36 OK
r-release-linux-x86_64 OK
r-release-macos-arm64 1.0.1 98.00 OK
r-release-macos-x86_64 1.0.1 204.00 OK
r-release-windows-x86_64 1.0.1 11.00 83.00 94.00 OK
r-oldrel-macos-arm64 1.0.1 57.00 OK
r-oldrel-macos-x86_64 1.0.1 69.00 OK
r-oldrel-windows-x86_64 1.0.1 13.00 93.00 106.00 OK

Check Details

Version: 1.0.1
Check: CRAN incoming feasibility
Result: NOTE Maintainer: ‘Olivier LE GOFF <olivierlegoff1@gmail.com>’ No Authors@R field in DESCRIPTION. Please add one, modifying Authors@R: person(given = c("Olivier", "LE"), family = "GOFF", role = c("aut", "cre"), email = "olivierlegoff1@gmail.com") as necessary. Package CITATION file contains call(s) to old-style personList() or as.personList(). Please use c() on person objects instead. Package CITATION file contains call(s) to old-style citEntry(). Please use bibentry() instead. Flavors: r-devel-linux-x86_64-debian-clang, r-devel-linux-x86_64-debian-gcc