Last updated on 2025-05-03 12:54:44 CEST.
Flavor | Version | Tinstall | Tcheck | Ttotal | Status | Flags |
---|---|---|---|---|---|---|
r-devel-linux-x86_64-debian-clang | 1.3 | 9.00 | 29.03 | 38.03 | NOTE | |
r-devel-linux-x86_64-debian-gcc | 1.3 | 7.84 | 23.05 | 30.89 | NOTE | |
r-devel-linux-x86_64-fedora-clang | 1.3 | 73.79 | OK | |||
r-devel-linux-x86_64-fedora-gcc | 1.3 | 86.32 | OK | |||
r-devel-windows-x86_64 | 1.3 | 14.00 | 64.00 | 78.00 | OK | |
r-patched-linux-x86_64 | 1.3 | 11.10 | 27.91 | 39.01 | OK | |
r-release-linux-x86_64 | OK | |||||
r-release-macos-arm64 | 1.3 | 31.00 | OK | |||
r-release-macos-x86_64 | 1.3 | 61.00 | OK | |||
r-release-windows-x86_64 | 1.3 | 14.00 | 65.00 | 79.00 | OK | |
r-oldrel-macos-arm64 | 1.3 | 29.00 | OK | |||
r-oldrel-macos-x86_64 | 1.3 | 46.00 | OK | |||
r-oldrel-windows-x86_64 | 1.3 | 12.00 | 77.00 | 89.00 | OK |
Version: 1.3
Check: CRAN incoming feasibility
Result: NOTE
Maintainer: ‘Daniel Greene <dg333@cam.ac.uk>’
No Authors@R field in DESCRIPTION.
Please add one, modifying
Authors@R: person(given = "Daniel",
family = "Greene",
role = c("aut", "cre"),
email = "dg333@cam.ac.uk")
as necessary.
Flavors: r-devel-linux-x86_64-debian-clang, r-devel-linux-x86_64-debian-gcc