CRAN Package Check Results for Package Iscores

Last updated on 2025-05-07 03:51:03 CEST.

Flavor Version Tinstall Tcheck Ttotal Status Flags
r-devel-linux-x86_64-debian-clang 1.1.0 8.23 72.01 80.24 NOTE
r-devel-linux-x86_64-debian-gcc 1.1.0 5.98 54.02 60.00 NOTE
r-devel-linux-x86_64-fedora-clang 1.1.0 128.05 OK
r-devel-linux-x86_64-fedora-gcc 1.1.0 122.43 OK
r-devel-windows-x86_64 1.1.0 9.00 77.00 86.00 OK
r-patched-linux-x86_64 1.1.0 8.17 67.73 75.90 OK
r-release-linux-x86_64 1.1.0 7.75 67.91 75.66 OK
r-release-macos-arm64 1.1.0 39.00 OK
r-release-macos-x86_64 1.1.0 67.00 OK
r-release-windows-x86_64 1.1.0 9.00 77.00 86.00 OK
r-oldrel-macos-arm64 1.1.0 35.00 OK
r-oldrel-macos-x86_64 1.1.0 59.00 OK
r-oldrel-windows-x86_64 1.1.0 12.00 92.00 104.00 OK

Check Details

Version: 1.1.0
Check: CRAN incoming feasibility
Result: NOTE Maintainer: ‘Loris Michel <michel@stat.math.ethz.ch>’ No Authors@R field in DESCRIPTION. Please add one, modifying Authors@R: c(person(given = "Loris", family = "Michel", role = c("aut", "cre"), email = "michel@stat.math.ethz.ch"), person(given = "Meta-Lina", family = "Spohn", role = "aut"), person(given = "Jeffrey", family = "Naef", role = "aut")) as necessary. The Description field contains Michel et al. (2021) <arXiv:2106.03742>. Please refer to arXiv e-prints via their arXiv DOI <doi:10.48550/arXiv.YYMM.NNNNN>. Flavors: r-devel-linux-x86_64-debian-clang, r-devel-linux-x86_64-debian-gcc