CRAN Package Check Results for Package Iso

Last updated on 2025-05-05 21:51:07 CEST.

Flavor Version Tinstall Tcheck Ttotal Status Flags
r-devel-linux-x86_64-debian-clang 0.0-21 3.25 25.84 29.09 NOTE
r-devel-linux-x86_64-debian-gcc 0.0-21 2.50 20.65 23.15 NOTE
r-devel-linux-x86_64-fedora-clang 0.0-21 46.91 OK
r-devel-linux-x86_64-fedora-gcc 0.0-21 60.26 OK
r-devel-windows-x86_64 0.0-21 7.00 62.00 69.00 OK
r-patched-linux-x86_64 0.0-21 3.04 24.76 27.80 OK
r-release-linux-x86_64 0.0-21 3.11 24.84 27.95 OK
r-release-macos-arm64 0.0-21 28.00 OK
r-release-macos-x86_64 0.0-21 49.00 OK
r-release-windows-x86_64 0.0-21 10.00 62.00 72.00 OK
r-oldrel-macos-arm64 0.0-21 36.00 OK
r-oldrel-macos-x86_64 0.0-21 37.00 OK
r-oldrel-windows-x86_64 0.0-21 9.00 63.00 72.00 OK

Check Details

Version: 0.0-21
Check: CRAN incoming feasibility
Result: NOTE Maintainer: ‘Rolf Turner <rolfturner@posteo.net>’ No Authors@R field in DESCRIPTION. Please add one, modifying Authors@R: person(given = "Rolf", family = "Turner", role = c("aut", "cre"), email = "rolfturner@posteo.net") as necessary. Flavors: r-devel-linux-x86_64-debian-clang, r-devel-linux-x86_64-debian-gcc