CRAN Package Check Results for Package JGR

Last updated on 2025-07-22 12:49:36 CEST.

Flavor Version Tinstall Tcheck Ttotal Status Flags
r-devel-linux-x86_64-debian-clang 1.9-2 3.41 34.23 37.64 NOTE
r-devel-linux-x86_64-debian-gcc 1.9-2 3.07 25.82 28.89 NOTE
r-devel-linux-x86_64-fedora-clang 1.9-2 59.43 OK
r-devel-linux-x86_64-fedora-gcc 1.9-2 55.54 OK
r-devel-windows-x86_64 1.9-2 7.00 52.00 59.00 OK
r-patched-linux-x86_64 1.9-2 4.21 32.29 36.50 OK
r-release-linux-x86_64 1.9-2 3.44 32.16 35.60 OK
r-release-macos-arm64 1.9-2 21.00 OK --install=fake
r-release-macos-x86_64 1.9-2 34.00 OK --install=fake
r-release-windows-x86_64 1.9-2 5.00 55.00 60.00 OK
r-oldrel-macos-arm64 1.9-2 19.00 OK --install=fake
r-oldrel-macos-x86_64 1.9-2 30.00 OK --install=fake
r-oldrel-windows-x86_64 1.9-2 4.00 61.00 65.00 OK

Check Details

Version: 1.9-2
Check: CRAN incoming feasibility
Result: NOTE Maintainer: ‘Markus Helbig <mhelbig81@googlemail.com>’ No Authors@R field in DESCRIPTION. Please add one, modifying Authors@R: c(person(given = "Markus", family = "Helbig", role = c("aut", "cre"), email = "mhelbig81@googlemail.com"), person(given = "Simon", family = "Urbanek", role = "aut"), person(given = "Ian", family = "Fellows", role = "aut")) as necessary. Flavors: r-devel-linux-x86_64-debian-clang, r-devel-linux-x86_64-debian-gcc