Last updated on 2024-06-17 06:50:20 CEST.
Flavor | Version | Tinstall | Tcheck | Ttotal | Status | Flags |
---|---|---|---|---|---|---|
r-devel-linux-x86_64-debian-clang | 0.1.9 | 2.37 | 145.33 | 147.70 | NOTE | |
r-devel-linux-x86_64-debian-gcc | 0.1.9 | 1.80 | 101.09 | 102.89 | NOTE | |
r-devel-linux-x86_64-fedora-clang | 0.1.9 | 175.36 | NOTE | |||
r-devel-linux-x86_64-fedora-gcc | 0.1.9 | 181.25 | NOTE | |||
r-devel-windows-x86_64 | 0.1.9 | 3.00 | 108.00 | 111.00 | NOTE | |
r-patched-linux-x86_64 | 0.1.9 | 2.21 | 134.59 | 136.80 | NOTE | |
r-release-linux-x86_64 | 0.1.9 | 1.35 | 136.07 | 137.42 | NOTE | |
r-release-macos-arm64 | 0.1.9 | 46.00 | NOTE | |||
r-release-macos-x86_64 | 0.1.9 | 106.00 | NOTE | |||
r-release-windows-x86_64 | 0.1.9 | 3.00 | 110.00 | 113.00 | NOTE | |
r-oldrel-macos-arm64 | 0.1.9 | 49.00 | NOTE | |||
r-oldrel-macos-x86_64 | 0.1.9 | 92.00 | NOTE | |||
r-oldrel-windows-x86_64 | 0.1.9 | 3.00 | 142.00 | 145.00 | NOTE |
Version: 0.1.9
Check: LazyData
Result: NOTE
'LazyData' is specified without a 'data' directory
Flavors: r-devel-linux-x86_64-debian-clang, r-devel-linux-x86_64-debian-gcc, r-devel-linux-x86_64-fedora-clang, r-devel-linux-x86_64-fedora-gcc, r-devel-windows-x86_64, r-patched-linux-x86_64, r-release-linux-x86_64, r-release-macos-arm64, r-release-macos-x86_64, r-release-windows-x86_64, r-oldrel-macos-arm64, r-oldrel-macos-x86_64, r-oldrel-windows-x86_64
Version: 0.1.9
Check: dependencies in R code
Result: NOTE
Namespace in Imports field not imported from: ‘GA’
All declared Imports should be used.
Flavors: r-devel-linux-x86_64-fedora-clang, r-devel-linux-x86_64-fedora-gcc