Last updated on 2025-05-03 21:51:22 CEST.
Flavor | Version | Tinstall | Tcheck | Ttotal | Status | Flags |
---|---|---|---|---|---|---|
r-devel-linux-x86_64-debian-clang | 0.1-5 | 1.81 | 29.23 | 31.04 | NOTE | |
r-devel-linux-x86_64-debian-gcc | 0.1-5 | 1.44 | 23.44 | 24.88 | NOTE | |
r-devel-linux-x86_64-fedora-clang | 0.1-5 | 49.58 | OK | |||
r-devel-linux-x86_64-fedora-gcc | 0.1-5 | 47.85 | OK | |||
r-devel-windows-x86_64 | 0.1-5 | 3.00 | 59.00 | 62.00 | OK | |
r-patched-linux-x86_64 | 0.1-5 | 2.50 | 28.23 | 30.73 | OK | |
r-release-linux-x86_64 | OK | |||||
r-release-macos-arm64 | 0.1-5 | 25.00 | OK | |||
r-release-macos-x86_64 | 0.1-5 | 33.00 | OK | |||
r-release-windows-x86_64 | 0.1-5 | 4.00 | 61.00 | 65.00 | OK | |
r-oldrel-macos-arm64 | 0.1-5 | 27.00 | OK | |||
r-oldrel-macos-x86_64 | 0.1-5 | 29.00 | OK | |||
r-oldrel-windows-x86_64 | 0.1-5 | 5.00 | 60.00 | 65.00 | OK |
Version: 0.1-5
Check: CRAN incoming feasibility
Result: NOTE
Maintainer: ‘Jun Yan <jun.yan@uconn.edu>’
No Authors@R field in DESCRIPTION.
Please add one, modifying
Authors@R: c(person(given = c("Original", "by"),
family = "Klein",
role = "aut"),
person(family = "Moeschberger",
role = "aut"),
person(given = c("modifications", "by", "Jun"),
family = "Yan",
role = "aut",
email = "jun.yan@uconn.edu"),
person(given = "Jun",
family = "Yan",
role = "cre",
email = "jun.yan@uconn.edu"))
as necessary.
The Date field is not in ISO 8601 yyyy-mm-dd format.
Flavors: r-devel-linux-x86_64-debian-clang, r-devel-linux-x86_64-debian-gcc