Last updated on 2025-05-03 21:51:22 CEST.
Flavor | Version | Tinstall | Tcheck | Ttotal | Status | Flags |
---|---|---|---|---|---|---|
r-devel-linux-x86_64-debian-clang | 2.0.2 | 3.68 | 30.58 | 34.26 | NOTE | |
r-devel-linux-x86_64-debian-gcc | 2.0.2 | 2.47 | 23.51 | 25.98 | NOTE | |
r-devel-linux-x86_64-fedora-clang | 2.0.2 | 55.83 | OK | |||
r-devel-linux-x86_64-fedora-gcc | 2.0.2 | 53.37 | OK | |||
r-devel-windows-x86_64 | 2.0.2 | 5.00 | 51.00 | 56.00 | OK | |
r-patched-linux-x86_64 | 2.0.2 | 2.43 | 29.36 | 31.79 | OK | |
r-release-linux-x86_64 | OK | |||||
r-release-macos-arm64 | 2.0.2 | 24.00 | OK | |||
r-release-macos-x86_64 | 2.0.2 | 37.00 | OK | |||
r-release-windows-x86_64 | 2.0.2 | 5.00 | 51.00 | 56.00 | OK | |
r-oldrel-macos-arm64 | 2.0.2 | 19.00 | OK | |||
r-oldrel-macos-x86_64 | 2.0.2 | 29.00 | OK | |||
r-oldrel-windows-x86_64 | 2.0.2 | 5.00 | 56.00 | 61.00 | OK |
Version: 2.0.2
Check: CRAN incoming feasibility
Result: NOTE
Maintainer: ‘Frédéric Santos <frederic.santos@u-bordeaux.fr>’
No Authors@R field in DESCRIPTION.
Please add one, modifying
Authors@R: person(given = "Frédéric",
family = "Santos",
role = c("aut", "cre"),
email = "frederic.santos@u-bordeaux.fr")
as necessary.
Flavors: r-devel-linux-x86_64-debian-clang, r-devel-linux-x86_64-debian-gcc