Last updated on 2025-07-22 12:49:36 CEST.
Flavor | Version | Tinstall | Tcheck | Ttotal | Status | Flags |
---|---|---|---|---|---|---|
r-devel-linux-x86_64-debian-clang | 2.0 | 9.21 | 125.07 | 134.28 | NOTE | |
r-devel-linux-x86_64-debian-gcc | 2.0 | 6.49 | 90.02 | 96.51 | NOTE | |
r-devel-linux-x86_64-fedora-clang | 2.0 | 204.61 | NOTE | |||
r-devel-linux-x86_64-fedora-gcc | 2.0 | 214.91 | NOTE | |||
r-devel-windows-x86_64 | 2.0 | 10.00 | 183.00 | 193.00 | OK | |
r-patched-linux-x86_64 | 2.0 | 10.08 | 117.38 | 127.46 | OK | |
r-release-linux-x86_64 | 2.0 | 8.61 | 118.80 | 127.41 | OK | |
r-release-macos-arm64 | 2.0 | 84.00 | OK | |||
r-release-macos-x86_64 | 2.0 | 143.00 | OK | |||
r-release-windows-x86_64 | 2.0 | 10.00 | 179.00 | 189.00 | OK | |
r-oldrel-macos-arm64 | 2.0 | 69.00 | OK | |||
r-oldrel-macos-x86_64 | 2.0 | 103.00 | OK | |||
r-oldrel-windows-x86_64 | 2.0 | 14.00 | 205.00 | 219.00 | OK |
Version: 2.0
Check: CRAN incoming feasibility
Result: NOTE
Maintainer: ‘Jocelyn Chi <jocetchi@gmail.com>’
Package CITATION file contains call(s) to old-style citEntry(). Please
use bibentry() instead.
Flavors: r-devel-linux-x86_64-debian-clang, r-devel-linux-x86_64-debian-gcc
Version: 2.0
Check: dependencies in R code
Result: NOTE
Namespace in Imports field not imported from: ‘robustbase’
All declared Imports should be used.
Flavors: r-devel-linux-x86_64-fedora-clang, r-devel-linux-x86_64-fedora-gcc