Last updated on 2025-05-05 21:51:08 CEST.
Flavor | Version | Tinstall | Tcheck | Ttotal | Status | Flags |
---|---|---|---|---|---|---|
r-devel-linux-x86_64-debian-clang | 0.7-22 | 38.76 | 45.91 | 84.67 | NOTE | |
r-devel-linux-x86_64-debian-gcc | 0.7-22 | 27.69 | 33.28 | 60.97 | NOTE | |
r-devel-linux-x86_64-fedora-clang | 0.7-22 | 149.29 | OK | |||
r-devel-linux-x86_64-fedora-gcc | 0.7-22 | 158.68 | OK | |||
r-devel-windows-x86_64 | 0.7-22 | 48.00 | 87.00 | 135.00 | OK | |
r-patched-linux-x86_64 | 0.7-22 | 38.48 | 42.30 | 80.78 | OK | |
r-release-linux-x86_64 | 0.7-22 | 37.49 | 42.57 | 80.06 | OK | |
r-release-macos-arm64 | 0.7-22 | 41.00 | OK | |||
r-release-macos-x86_64 | 0.7-22 | 65.00 | OK | |||
r-release-windows-x86_64 | 0.7-22 | 47.00 | 87.00 | 134.00 | OK | |
r-oldrel-macos-arm64 | 0.7-22 | 40.00 | OK | |||
r-oldrel-macos-x86_64 | 0.7-22 | 81.00 | OK | |||
r-oldrel-windows-x86_64 | 0.7-22 | 53.00 | 101.00 | 154.00 | OK |
Version: 0.7-22
Check: CRAN incoming feasibility
Result: NOTE
Maintainer: ‘Alexander Robitzsch <robitzsch@ipn.uni-kiel.de>’
No Authors@R field in DESCRIPTION.
Please add one, modifying
Authors@R: person(given = "Alexander",
family = "Robitzsch",
role = c("aut", "cre"),
email = "robitzsch@ipn.uni-kiel.de")
as necessary.
Flavors: r-devel-linux-x86_64-debian-clang, r-devel-linux-x86_64-debian-gcc