Last updated on 2025-05-03 21:51:22 CEST.
Flavor | Version | Tinstall | Tcheck | Ttotal | Status | Flags |
---|---|---|---|---|---|---|
r-devel-linux-x86_64-debian-clang | 1.10 | 8.12 | 65.27 | 73.39 | NOTE | |
r-devel-linux-x86_64-debian-gcc | 1.10 | 5.88 | 51.89 | 57.77 | NOTE | |
r-devel-linux-x86_64-fedora-clang | 1.10 | 115.70 | NOTE | |||
r-devel-linux-x86_64-fedora-gcc | 1.10 | 131.86 | NOTE | |||
r-devel-windows-x86_64 | 1.10 | 9.00 | 79.00 | 88.00 | OK | |
r-patched-linux-x86_64 | 1.10 | 7.03 | 63.59 | 70.62 | OK | |
r-release-linux-x86_64 | OK | |||||
r-release-macos-arm64 | 1.10 | 42.00 | OK | |||
r-release-macos-x86_64 | 1.10 | 73.00 | OK | |||
r-release-windows-x86_64 | 1.10 | 11.00 | 79.00 | 90.00 | OK | |
r-oldrel-macos-arm64 | 1.10 | 41.00 | NOTE | |||
r-oldrel-macos-x86_64 | 1.10 | 62.00 | NOTE | |||
r-oldrel-windows-x86_64 | 1.10 | 11.00 | 95.00 | 106.00 | NOTE |
Version: 1.10
Check: CRAN incoming feasibility
Result: NOTE
Maintainer: ‘Vasileios Karapoulios <billkarap123@gmail.com>’
No Authors@R field in DESCRIPTION.
Please add one, modifying
Authors@R: person(given = "Vasileios",
family = "Karapoulios",
role = c("aut", "cre"),
email = "billkarap123@gmail.com")
as necessary.
Flavors: r-devel-linux-x86_64-debian-clang, r-devel-linux-x86_64-debian-gcc
Version: 1.10
Check: dependencies in R code
Result: NOTE
Namespaces in Imports field not imported from:
‘devtools’ ‘reticulate’ ‘tensorflow’
All declared Imports should be used.
Flavors: r-devel-linux-x86_64-fedora-clang, r-devel-linux-x86_64-fedora-gcc
Version: 1.10
Check: LazyData
Result: NOTE
'LazyData' is specified without a 'data' directory
Flavors: r-oldrel-macos-arm64, r-oldrel-macos-x86_64, r-oldrel-windows-x86_64