Last updated on 2025-05-03 21:51:23 CEST.
Flavor | Version | Tinstall | Tcheck | Ttotal | Status | Flags |
---|---|---|---|---|---|---|
r-devel-linux-x86_64-debian-clang | 2.1 | 8.43 | 68.07 | 76.50 | NOTE | |
r-devel-linux-x86_64-debian-gcc | 2.1 | 6.35 | 50.64 | 56.99 | NOTE | |
r-devel-linux-x86_64-fedora-clang | 2.1 | 118.68 | OK | |||
r-devel-linux-x86_64-fedora-gcc | 2.1 | 121.20 | OK | |||
r-devel-windows-x86_64 | 2.1 | 10.00 | 79.00 | 89.00 | OK | |
r-patched-linux-x86_64 | 2.1 | 8.38 | 64.93 | 73.31 | OK | |
r-release-linux-x86_64 | OK | |||||
r-release-macos-arm64 | 2.1 | 38.00 | OK | |||
r-release-macos-x86_64 | 2.1 | 66.00 | OK | |||
r-release-windows-x86_64 | 2.1 | 10.00 | 81.00 | 91.00 | OK | |
r-oldrel-macos-arm64 | 2.1 | 40.00 | OK | |||
r-oldrel-macos-x86_64 | 2.1 | 52.00 | OK | |||
r-oldrel-windows-x86_64 | 2.1 | 13.00 | 95.00 | 108.00 | OK |
Version: 2.1
Check: CRAN incoming feasibility
Result: NOTE
Maintainer: ‘Kaijun Wang <kaijunwang.19@gmail.com>’
No Authors@R field in DESCRIPTION.
Please add one, modifying
Authors@R: c(person(given = "Subhadeep",
family = "Mukhopadhyay",
role = "aut"),
person(given = "Kaijun",
family = "Wang",
role = c("aut", "cre"),
email = "kaijunwang.19@gmail.com"))
as necessary.
The Description field contains
(2020, Biometrika); <arXiv:1810.01724>.
Please refer to arXiv e-prints via their arXiv DOI <doi:10.48550/arXiv.YYMM.NNNNN>.
Flavors: r-devel-linux-x86_64-debian-clang, r-devel-linux-x86_64-debian-gcc