Last updated on 2025-05-03 21:51:23 CEST.
Flavor | Version | Tinstall | Tcheck | Ttotal | Status | Flags |
---|---|---|---|---|---|---|
r-devel-linux-x86_64-debian-clang | 3.3 | 16.54 | 127.92 | 144.46 | NOTE | |
r-devel-linux-x86_64-debian-gcc | 3.3 | 11.51 | 87.12 | 98.63 | NOTE | |
r-devel-linux-x86_64-fedora-clang | 3.3 | 217.35 | OK | |||
r-devel-linux-x86_64-fedora-gcc | 3.3 | 221.13 | OK | |||
r-devel-windows-x86_64 | 3.3 | 18.00 | 121.00 | 139.00 | OK | |
r-patched-linux-x86_64 | 3.3 | 16.49 | 117.50 | 133.99 | OK | |
r-release-linux-x86_64 | OK | |||||
r-release-macos-arm64 | 3.3 | 55.00 | OK | |||
r-release-macos-x86_64 | 3.3 | 103.00 | OK | |||
r-release-windows-x86_64 | 3.3 | 17.00 | 123.00 | 140.00 | OK | |
r-oldrel-macos-arm64 | 3.3 | 56.00 | OK | |||
r-oldrel-macos-x86_64 | 3.3 | 119.00 | OK | |||
r-oldrel-windows-x86_64 | 3.3 | 23.00 | 154.00 | 177.00 | OK |
Version: 3.3
Check: CRAN incoming feasibility
Result: NOTE
Maintainer: ‘Kaijun Wang <kaijunwang.19@gmail.com>’
No Authors@R field in DESCRIPTION.
Please add one, modifying
Authors@R: c(person(given = "Subhadeep",
family = "Mukhopadhyay",
role = "aut"),
person(given = "Kaijun",
family = "Wang",
role = c("aut", "cre"),
email = "kaijunwang.19@gmail.com"))
as necessary.
The Description field contains
S., and Wang, K (2021, <arXiv:2004.09588>).
Please refer to arXiv e-prints via their arXiv DOI <doi:10.48550/arXiv.YYMM.NNNNN>.
Flavors: r-devel-linux-x86_64-debian-clang, r-devel-linux-x86_64-debian-gcc