Last updated on 2025-07-24 12:51:28 CEST.
Flavor | Version | Tinstall | Tcheck | Ttotal | Status | Flags |
---|---|---|---|---|---|---|
r-devel-linux-x86_64-debian-clang | 0.6.9-1 | 42.58 | 86.89 | 129.47 | NOTE | |
r-devel-linux-x86_64-debian-gcc | 0.6.9-1 | 28.00 | 62.54 | 90.54 | NOTE | |
r-devel-linux-x86_64-fedora-clang | 0.6.9-1 | 223.56 | OK | |||
r-devel-linux-x86_64-fedora-gcc | 0.6.9-1 | 221.05 | OK | |||
r-devel-windows-x86_64 | 0.6.9-1 | 49.00 | 118.00 | 167.00 | NOTE | |
r-patched-linux-x86_64 | 0.6.9-1 | 41.67 | 81.16 | 122.83 | NOTE | |
r-release-linux-x86_64 | 0.6.9-1 | 39.43 | 80.97 | 120.40 | NOTE | |
r-release-macos-arm64 | 0.6.9-1 | 82.00 | OK | |||
r-release-macos-x86_64 | 0.6.9-1 | 113.00 | OK | |||
r-release-windows-x86_64 | 0.6.9-1 | 48.00 | 119.00 | 167.00 | NOTE | |
r-oldrel-macos-arm64 | 0.6.9-1 | 69.00 | OK | |||
r-oldrel-macos-x86_64 | 0.6.9-1 | 93.00 | OK | |||
r-oldrel-windows-x86_64 | 0.6.9-1 | 58.00 | 147.00 | 205.00 | OK |
Version: 0.6.9-1
Check: Rd cross-references
Result: NOTE
Found the following Rd file(s) with Rd \link{} targets missing package
anchors:
bootstrap.Rd: boot
Please provide package anchors for all Rd \link{} targets not in the
package itself and the base packages.
Flavors: r-devel-linux-x86_64-debian-clang, r-devel-linux-x86_64-debian-gcc, r-devel-windows-x86_64, r-patched-linux-x86_64, r-release-linux-x86_64, r-release-windows-x86_64