Last updated on 2024-06-17 06:50:21 CEST.
Flavor | Version | Tinstall | Tcheck | Ttotal | Status | Flags |
---|---|---|---|---|---|---|
r-devel-linux-x86_64-debian-clang | 8.4 | 13.99 | 374.93 | 388.92 | NOTE | |
r-devel-linux-x86_64-debian-gcc | 8.4 | 10.14 | 341.31 | 351.45 | NOTE | |
r-devel-linux-x86_64-fedora-clang | 8.4 | 465.08 | NOTE | |||
r-devel-linux-x86_64-fedora-gcc | 8.4 | 451.60 | NOTE | |||
r-devel-windows-x86_64 | 8.4 | 15.00 | 74.00 | 89.00 | NOTE | --no-examples --no-tests --no-vignettes |
r-patched-linux-x86_64 | 8.4 | 13.91 | 388.92 | 402.83 | NOTE | |
r-release-linux-x86_64 | 8.4 | 13.20 | 366.15 | 379.35 | NOTE | |
r-release-macos-arm64 | 8.4 | 168.00 | NOTE | |||
r-release-macos-x86_64 | 8.4 | 271.00 | NOTE | |||
r-release-windows-x86_64 | 8.4 | 14.00 | 78.00 | 92.00 | NOTE | --no-examples --no-tests --no-vignettes |
r-oldrel-macos-arm64 | 8.4 | 223.00 | NOTE | |||
r-oldrel-macos-x86_64 | 8.4 | 330.00 | NOTE | |||
r-oldrel-windows-x86_64 | 8.4 | 19.00 | 68.00 | 87.00 | NOTE | --no-examples --no-tests --no-vignettes |
Version: 8.4
Check: Rd files
Result: NOTE
checkRd: (-1) LKrig.MLE.Rd:114: Escaped LaTeX specials: \$ \$
checkRd: (-1) LKrig.MLE.Rd:115: Escaped LaTeX specials: \$
checkRd: (-1) VignetteExamples.Rd:25: Lost braces; missing escapes or markup?
25 | See Section 4 in the {LatticeKrig Vignette} for the use of these data.
| ^
Flavors: r-devel-linux-x86_64-debian-clang, r-devel-linux-x86_64-debian-gcc, r-devel-linux-x86_64-fedora-clang, r-devel-linux-x86_64-fedora-gcc, r-patched-linux-x86_64, r-release-linux-x86_64, r-release-macos-arm64, r-release-macos-x86_64
Version: 8.4
Flags: --no-examples --no-tests --no-vignettes
Check: Rd files
Result: NOTE
checkRd: (-1) LKrig.MLE.Rd:114: Escaped LaTeX specials: \$ \$
checkRd: (-1) LKrig.MLE.Rd:115: Escaped LaTeX specials: \$
checkRd: (-1) VignetteExamples.Rd:25: Lost braces; missing escapes or markup?
25 | See Section 4 in the {LatticeKrig Vignette} for the use of these data.
| ^
Flavors: r-devel-windows-x86_64, r-release-windows-x86_64
Version: 8.4
Check: Rd files
Result: NOTE
checkRd: (-1) LKrig.MLE.Rd:114: Escaped LaTeX specials: \$ \$
checkRd: (-1) LKrig.MLE.Rd:115: Escaped LaTeX specials: \$
Flavors: r-oldrel-macos-arm64, r-oldrel-macos-x86_64
Version: 8.4
Flags: --no-examples --no-tests --no-vignettes
Check: Rd files
Result: NOTE
checkRd: (-1) LKrig.MLE.Rd:114: Escaped LaTeX specials: \$ \$
checkRd: (-1) LKrig.MLE.Rd:115: Escaped LaTeX specials: \$
Flavor: r-oldrel-windows-x86_64