Last updated on 2025-05-06 03:51:06 CEST.
Flavor | Version | Tinstall | Tcheck | Ttotal | Status | Flags |
---|---|---|---|---|---|---|
r-devel-linux-x86_64-debian-clang | 1.0 | 6.83 | 56.47 | 63.30 | NOTE | |
r-devel-linux-x86_64-debian-gcc | 1.0 | 5.37 | 42.99 | 48.36 | NOTE | |
r-devel-linux-x86_64-fedora-clang | 1.0 | 98.00 | OK | |||
r-devel-linux-x86_64-fedora-gcc | 1.0 | 97.30 | OK | |||
r-devel-windows-x86_64 | 1.0 | 7.00 | 66.00 | 73.00 | OK | |
r-patched-linux-x86_64 | 1.0 | 6.60 | 53.60 | 60.20 | OK | |
r-release-linux-x86_64 | 1.0 | 6.16 | 54.23 | 60.39 | OK | |
r-release-macos-arm64 | 1.0 | 30.00 | OK | |||
r-release-macos-x86_64 | 1.0 | 62.00 | OK | |||
r-release-windows-x86_64 | 1.0 | 9.00 | 68.00 | 77.00 | OK | |
r-oldrel-macos-arm64 | 1.0 | 31.00 | OK | |||
r-oldrel-macos-x86_64 | 1.0 | 45.00 | OK | |||
r-oldrel-windows-x86_64 | 1.0 | 10.00 | 80.00 | 90.00 | OK |
Version: 1.0
Check: CRAN incoming feasibility
Result: NOTE
Maintainer: ‘Jaeheon Jung <jaeheonj81@gmail.com>’
No Authors@R field in DESCRIPTION.
Please add one, modifying
Authors@R: c(person(given = "Victor",
family = "Chernozhukov",
role = c("aut", "cre")),
person(given = "Christian",
family = "Hansen",
role = c("aut", "cre")),
person(given = "Yuan",
family = "Liao",
role = c("aut", "cre")),
person(given = "Jaeheon",
family = "Jung",
role = c("ctb", "cre"),
email = "jaeheonj81@gmail.com"))
as necessary.
Flavors: r-devel-linux-x86_64-debian-clang, r-devel-linux-x86_64-debian-gcc