CRAN Package Check Results for Package LearnClust

Last updated on 2025-05-03 12:54:45 CEST.

Flavor Version Tinstall Tcheck Ttotal Status Flags
r-devel-linux-x86_64-debian-clang 1.1 4.64 49.12 53.76 NOTE
r-devel-linux-x86_64-debian-gcc 1.1 2.99 35.78 38.77 NOTE
r-devel-linux-x86_64-fedora-clang 1.1 84.50 NOTE
r-devel-linux-x86_64-fedora-gcc 1.1 95.05 NOTE
r-devel-windows-x86_64 1.1 6.00 79.00 85.00 NOTE
r-patched-linux-x86_64 1.1 4.66 46.07 50.73 NOTE
r-release-linux-x86_64 NOTE
r-release-macos-arm64 1.1 34.00 NOTE
r-release-macos-x86_64 1.1 66.00 NOTE
r-release-windows-x86_64 1.1 7.00 79.00 86.00 NOTE
r-oldrel-macos-arm64 1.1 29.00 NOTE
r-oldrel-macos-x86_64 1.1 54.00 NOTE
r-oldrel-windows-x86_64 1.1 6.00 99.00 105.00 NOTE

Check Details

Version: 1.1
Check: Rd files
Result: NOTE checkRd: (-1) clusterDistance.Rd:28-29: Lost braces 28 | \code{approach} indicates the algorithm used to get the value. \code{distance} indicates the distance used to get the value. Possible values: {\code{'MAX'}, | ^ checkRd: (-1) clusterDistance.details.Rd:28-29: Lost braces 28 | \code{approach} indicates the algorithm used to get the value. \code{distance} indicates the distance used to get the value. Possible values: {\code{'MAX'}, | ^ checkRd: (-1) clusterDistanceByApproach.Rd:24-25: Lost braces 24 | \code{approach} indicates the algorithm used to get the value. Possible values: {\code{'MAX'}, | ^ checkRd: (-1) clusterDistanceByApproach.details.Rd:24-25: Lost braces 24 | \code{approach} indicates the algorithm used to get the value. Possible values: {\code{'MAX'}, | ^ Flavors: r-devel-linux-x86_64-debian-clang, r-devel-linux-x86_64-debian-gcc, r-devel-linux-x86_64-fedora-clang, r-devel-linux-x86_64-fedora-gcc, r-devel-windows-x86_64, r-patched-linux-x86_64, r-release-linux-x86_64, r-release-macos-arm64, r-release-macos-x86_64, r-release-windows-x86_64, r-oldrel-macos-arm64, r-oldrel-macos-x86_64, r-oldrel-windows-x86_64

Version: 1.1
Check: LazyData
Result: NOTE 'LazyData' is specified without a 'data' directory Flavors: r-oldrel-macos-arm64, r-oldrel-macos-x86_64, r-oldrel-windows-x86_64