Last updated on 2025-05-03 21:51:22 CEST.
Flavor | Version | Tinstall | Tcheck | Ttotal | Status | Flags |
---|---|---|---|---|---|---|
r-devel-linux-x86_64-debian-clang | 0.9 | 4.06 | 34.24 | 38.30 | NOTE | |
r-devel-linux-x86_64-debian-gcc | 0.9 | 3.31 | 26.42 | 29.73 | NOTE | |
r-devel-linux-x86_64-fedora-clang | 0.9 | 58.71 | OK | |||
r-devel-linux-x86_64-fedora-gcc | 0.9 | 56.07 | OK | |||
r-devel-windows-x86_64 | 0.9 | 5.00 | 54.00 | 59.00 | OK | |
r-patched-linux-x86_64 | 0.9 | 3.84 | 32.49 | 36.33 | OK | |
r-release-linux-x86_64 | OK | |||||
r-release-macos-arm64 | 0.9 | 25.00 | OK | |||
r-release-macos-x86_64 | 0.9 | 44.00 | OK | |||
r-release-windows-x86_64 | 0.9 | 6.00 | 54.00 | 60.00 | OK | |
r-oldrel-macos-arm64 | 0.9 | 22.00 | OK | |||
r-oldrel-macos-x86_64 | 0.9 | 30.00 | OK | |||
r-oldrel-windows-x86_64 | 0.9 | 8.00 | 61.00 | 69.00 | OK |
Version: 0.9
Check: CRAN incoming feasibility
Result: NOTE
Maintainer: ‘Charles Bouveyron <charles.bouveyron@gmail.com>’
No Authors@R field in DESCRIPTION.
Please add one, modifying
Authors@R: c(person(given = "Charles",
family = "Bouveyron",
role = c("aut", "cre"),
email = "charles.bouveyron@gmail.com"),
person(given = "Pierre",
family = "Latouche",
role = "aut"),
person(given = "Stéphane",
family = "Petiot",
role = "aut"),
person(given = "Carlos",
family = "Ocanto",
role = "aut"))
as necessary.
Flavors: r-devel-linux-x86_64-debian-clang, r-devel-linux-x86_64-debian-gcc