Last updated on 2025-11-15 12:49:39 CET.
| Flavor | Version | Tinstall | Tcheck | Ttotal | Status | Flags |
|---|---|---|---|---|---|---|
| r-devel-linux-x86_64-debian-clang | 2.1.2 | 4.16 | 62.28 | 66.44 | NOTE | |
| r-devel-linux-x86_64-debian-gcc | 2.1.2 | 2.95 | 44.19 | 47.14 | NOTE | |
| r-devel-linux-x86_64-fedora-clang | 2.1.2 | 23.00 | 90.96 | 113.96 | OK | |
| r-devel-linux-x86_64-fedora-gcc | 2.1.2 | 15.00 | 117.05 | 132.05 | OK | |
| r-devel-windows-x86_64 | 2.1.2 | 6.00 | 97.00 | 103.00 | OK | |
| r-patched-linux-x86_64 | 2.1.2 | 4.38 | 59.65 | 64.03 | OK | |
| r-release-linux-x86_64 | 2.1.2 | 3.50 | 60.31 | 63.81 | OK | |
| r-release-macos-arm64 | 2.1.2 | 2.00 | 37.00 | 39.00 | OK | |
| r-release-macos-x86_64 | 2.1.2 | 4.00 | 81.00 | 85.00 | OK | |
| r-release-windows-x86_64 | 2.1.2 | 6.00 | 95.00 | 101.00 | OK | |
| r-oldrel-macos-arm64 | 2.1.2 | 2.00 | 37.00 | 39.00 | OK | |
| r-oldrel-macos-x86_64 | 2.1.2 | 3.00 | 63.00 | 66.00 | OK | |
| r-oldrel-windows-x86_64 | 2.1.2 | 6.00 | 126.00 | 132.00 | OK |
Version: 2.1.2
Check: CRAN incoming feasibility
Result: NOTE
Maintainer: ‘Lisa Ouellette <louellet@uncc.edu>’
Package CITATION file contains call(s) to old-style personList() or
as.personList(). Please use c() on person objects instead.
Package CITATION file contains call(s) to old-style citEntry(). Please
use bibentry() instead.
Flavors: r-devel-linux-x86_64-debian-clang, r-devel-linux-x86_64-debian-gcc