CRAN Package Check Results for Package LinkedGASP

Last updated on 2025-07-27 03:50:09 CEST.

Flavor Version Tinstall Tcheck Ttotal Status Flags
r-devel-linux-x86_64-debian-clang 1.0 6.54 63.85 70.39 NOTE
r-devel-linux-x86_64-debian-gcc 1.0 6.06 48.82 54.88 NOTE
r-devel-linux-x86_64-fedora-clang 1.0 109.62 OK
r-devel-linux-x86_64-fedora-gcc 1.0 106.76 OK
r-devel-windows-x86_64 1.0 8.00 75.00 83.00 OK
r-patched-linux-x86_64 1.0 7.17 62.87 70.04 OK
r-release-linux-x86_64 1.0 7.30 62.69 69.99 OK
r-release-macos-arm64 1.0 36.00 OK
r-release-macos-x86_64 1.0 103.00 OK
r-release-windows-x86_64 1.0 8.00 75.00 83.00 OK
r-oldrel-macos-arm64 1.0 39.00 OK
r-oldrel-macos-x86_64 1.0 51.00 OK
r-oldrel-windows-x86_64 1.0 11.00 93.00 104.00 OK

Check Details

Version: 1.0
Check: CRAN incoming feasibility
Result: NOTE Maintainer: ‘Ksenia N. Kyzyurova <ksenia.kyzyurova@gmail.com>’ No Authors@R field in DESCRIPTION. Please add one, modifying Authors@R: c(person(given = c("Ksenia", "N."), family = "Kyzyurova", role = c("aut", "cre"), email = "ksenia.kyzyurova@gmail.com"), person(family = "kseniak.ucoz.net", role = "aut")) as necessary. Flavors: r-devel-linux-x86_64-debian-clang, r-devel-linux-x86_64-debian-gcc