Last updated on 2025-07-22 12:49:37 CEST.
Flavor | Version | Tinstall | Tcheck | Ttotal | Status | Flags |
---|---|---|---|---|---|---|
r-devel-linux-x86_64-debian-clang | 1.0.1 | 8.22 | 95.59 | 103.81 | OK | |
r-devel-linux-x86_64-debian-gcc | 1.0.1 | 5.93 | 69.09 | 75.02 | OK | |
r-devel-linux-x86_64-fedora-clang | 1.0.1 | 163.79 | NOTE | |||
r-devel-linux-x86_64-fedora-gcc | 1.0.1 | 174.38 | NOTE | |||
r-devel-windows-x86_64 | 1.0.1 | 10.00 | 95.00 | 105.00 | OK | |
r-patched-linux-x86_64 | 1.0.1 | 8.04 | 89.79 | 97.83 | OK | |
r-release-linux-x86_64 | 1.0.1 | 7.43 | 91.23 | 98.66 | OK | |
r-release-macos-arm64 | 1.0.1 | 61.00 | OK | |||
r-release-macos-x86_64 | 1.0.1 | 93.00 | OK | |||
r-release-windows-x86_64 | 1.0.1 | 9.00 | 98.00 | 107.00 | OK | |
r-oldrel-macos-arm64 | 1.0.1 | 50.00 | OK | |||
r-oldrel-macos-x86_64 | 1.0.1 | 105.00 | OK | |||
r-oldrel-windows-x86_64 | 1.0.1 | 13.00 | 120.00 | 133.00 | OK |
Version: 1.0.1
Check: dependencies in R code
Result: NOTE
Namespaces in Imports field not imported from:
‘itertools’ ‘knitr’ ‘utils’
All declared Imports should be used.
Flavors: r-devel-linux-x86_64-fedora-clang, r-devel-linux-x86_64-fedora-gcc