Last updated on 2025-11-19 12:50:58 CET.
| Flavor | Version | Tinstall | Tcheck | Ttotal | Status | Flags |
|---|---|---|---|---|---|---|
| r-devel-linux-x86_64-debian-clang | 1.6.6 | 21.34 | 75.78 | 97.12 | NOTE | |
| r-devel-linux-x86_64-debian-gcc | 1.6.6 | 11.56 | 54.74 | 66.30 | NOTE | |
| r-devel-linux-x86_64-fedora-clang | 1.6.6 | 41.00 | 106.30 | 147.30 | OK | |
| r-devel-linux-x86_64-fedora-gcc | 1.6.6 | 80.00 | 60.52 | 140.52 | OK | |
| r-devel-windows-x86_64 | 1.6.6 | 29.00 | 90.00 | 119.00 | OK | |
| r-patched-linux-x86_64 | 1.6.6 | 15.60 | 69.46 | 85.06 | OK | |
| r-release-linux-x86_64 | 1.6.6 | 17.34 | 69.35 | 86.69 | OK | |
| r-release-macos-arm64 | 1.6.6 | OK | ||||
| r-release-macos-x86_64 | 1.6.6 | 17.00 | 59.00 | 76.00 | OK | |
| r-release-windows-x86_64 | 1.6.6 | 21.00 | 91.00 | 112.00 | OK | |
| r-oldrel-macos-arm64 | 1.6.6 | OK | ||||
| r-oldrel-macos-x86_64 | 1.6.6 | 12.00 | 50.00 | 62.00 | OK | |
| r-oldrel-windows-x86_64 | 1.6.6 | 28.00 | 107.00 | 135.00 | OK |
Version: 1.6.6
Check: CRAN incoming feasibility
Result: NOTE
Maintainer: ‘Charles Kooperberg <clk@fredhutch.org>’
No Authors@R field in DESCRIPTION.
Please add one, modifying
Authors@R: c(person(given = "Charles",
family = "Kooperberg",
role = c("aut", "cre"),
email = "clk@fredhutch.org"),
person(given = "Ingo",
family = "Ruczinski",
role = "aut",
email = "ingo@jhu.edu"))
as necessary.
Flavors: r-devel-linux-x86_64-debian-clang, r-devel-linux-x86_64-debian-gcc