Last updated on 2025-05-03 21:51:23 CEST.
Flavor | Version | Tinstall | Tcheck | Ttotal | Status | Flags |
---|---|---|---|---|---|---|
r-devel-linux-x86_64-debian-clang | 1.1.2 | 24.17 | 38.41 | 62.58 | NOTE | |
r-devel-linux-x86_64-debian-gcc | 1.1.2 | 19.67 | 34.00 | 53.67 | NOTE | |
r-devel-linux-x86_64-fedora-clang | 1.1.2 | 114.15 | NOTE | |||
r-devel-linux-x86_64-fedora-gcc | 1.1.2 | 136.19 | NOTE | |||
r-devel-windows-x86_64 | 1.1.2 | 32.00 | 81.00 | 113.00 | NOTE | |
r-patched-linux-x86_64 | 1.1.2 | 27.00 | 42.93 | 69.93 | NOTE | |
r-release-linux-x86_64 | NOTE | |||||
r-release-macos-arm64 | 1.1.2 | 80.00 | NOTE | |||
r-release-macos-x86_64 | 1.1.2 | 92.00 | NOTE | |||
r-release-windows-x86_64 | 1.1.2 | 32.00 | 84.00 | 116.00 | NOTE | |
r-oldrel-macos-arm64 | 1.1.2 | 46.00 | NOTE | |||
r-oldrel-macos-x86_64 | 1.1.2 | 83.00 | NOTE | |||
r-oldrel-windows-x86_64 | 1.1.2 | 37.00 | 97.00 | 134.00 | NOTE |
Version: 1.1.2
Check: C++ specification
Result: NOTE
Specified C++11: please drop specification unless essential
Flavors: r-devel-linux-x86_64-debian-clang, r-devel-linux-x86_64-debian-gcc, r-devel-linux-x86_64-fedora-clang, r-devel-linux-x86_64-fedora-gcc, r-devel-windows-x86_64, r-patched-linux-x86_64, r-release-linux-x86_64, r-release-macos-arm64, r-release-macos-x86_64, r-release-windows-x86_64, r-oldrel-macos-arm64, r-oldrel-macos-x86_64, r-oldrel-windows-x86_64