CRAN Package Check Results for Package MCMCprecision

Last updated on 2025-05-03 12:54:46 CEST.

Flavor Version Tinstall Tcheck Ttotal Status Flags
r-devel-linux-x86_64-debian-clang 0.4.0 71.39 62.19 133.58 NOTE
r-devel-linux-x86_64-debian-gcc 0.4.0 56.02 50.03 106.05 NOTE
r-devel-linux-x86_64-fedora-clang 0.4.0 226.72 NOTE
r-devel-linux-x86_64-fedora-gcc 0.4.0 271.86 NOTE
r-devel-windows-x86_64 0.4.0 79.00 97.00 176.00 NOTE
r-patched-linux-x86_64 0.4.0 72.55 63.36 135.91 NOTE
r-release-linux-x86_64 NOTE
r-release-macos-arm64 0.4.0 80.00 NOTE
r-release-macos-x86_64 0.4.0 125.00 NOTE
r-release-windows-x86_64 0.4.0 80.00 99.00 179.00 NOTE
r-oldrel-macos-arm64 0.4.0 65.00 NOTE
r-oldrel-macos-x86_64 0.4.0 82.00 NOTE
r-oldrel-windows-x86_64 0.4.0 93.00 118.00 211.00 NOTE

Check Details

Version: 0.4.0
Check: CRAN incoming feasibility
Result: NOTE Maintainer: ‘Daniel W. Heck <dheck@uni-marburg.de>’ Found the following URLs which should use \doi (with the DOI name only): File ‘MCMCprecision-package.Rd’: https://dx.doi.org/10.1007/s11222-018-9828-0 File ‘stationary_mle.Rd’: https://doi.org/10.1063/1.4934536 Flavors: r-devel-linux-x86_64-debian-clang, r-devel-linux-x86_64-debian-gcc

Version: 0.4.0
Check: C++ specification
Result: NOTE Specified C++11: please drop specification unless essential Flavors: r-devel-linux-x86_64-debian-clang, r-devel-linux-x86_64-debian-gcc, r-devel-linux-x86_64-fedora-clang, r-devel-linux-x86_64-fedora-gcc, r-devel-windows-x86_64, r-patched-linux-x86_64, r-release-linux-x86_64, r-release-macos-arm64, r-release-macos-x86_64, r-release-windows-x86_64, r-oldrel-macos-arm64, r-oldrel-macos-x86_64, r-oldrel-windows-x86_64

Version: 0.4.0
Check: installed package size
Result: NOTE installed size is 19.6Mb sub-directories of 1Mb or more: libs 19.1Mb Flavors: r-oldrel-macos-arm64, r-oldrel-macos-x86_64

Version: 0.4.0
Check: LazyData
Result: NOTE 'LazyData' is specified without a 'data' directory Flavors: r-oldrel-macos-arm64, r-oldrel-macos-x86_64, r-oldrel-windows-x86_64