CRAN Package Check Results for Package MCMCvis

Last updated on 2025-07-24 12:51:30 CEST.

Flavor Version Tinstall Tcheck Ttotal Status Flags
r-devel-linux-x86_64-debian-clang 0.16.3 5.88 72.79 78.67 OK
r-devel-linux-x86_64-debian-gcc 0.16.3 3.90 54.75 58.65 OK
r-devel-linux-x86_64-fedora-clang 0.16.3 128.07 OK
r-devel-linux-x86_64-fedora-gcc 0.16.3 125.84 OK
r-devel-windows-x86_64 0.16.3 7.00 84.00 91.00 OK
r-patched-linux-x86_64 0.16.3 6.11 70.31 76.42 OK
r-release-linux-x86_64 0.16.3 5.35 70.60 75.95 OK
r-release-macos-arm64 0.16.3 47.00 OK
r-release-macos-x86_64 0.16.3 111.00 OK
r-release-windows-x86_64 0.16.3 7.00 83.00 90.00 OK
r-oldrel-macos-arm64 0.16.3 42.00 NOTE
r-oldrel-macos-x86_64 0.16.3 94.00 NOTE
r-oldrel-windows-x86_64 0.16.3 10.00 102.00 112.00 NOTE

Check Details

Version: 0.16.3
Check: package dependencies
Result: NOTE Package suggested but not available for checking: ‘cmdstanr’ Flavors: r-oldrel-macos-arm64, r-oldrel-macos-x86_64, r-oldrel-windows-x86_64