CRAN Package Check Results for Package MEPDF

Last updated on 2025-05-06 06:50:00 CEST.

Flavor Version Tinstall Tcheck Ttotal Status Flags
r-devel-linux-x86_64-debian-clang 3.0 2.43 24.30 26.73 NOTE
r-devel-linux-x86_64-debian-gcc 3.0 1.92 19.44 21.36 NOTE
r-devel-linux-x86_64-fedora-clang 3.0 42.13 OK
r-devel-linux-x86_64-fedora-gcc 3.0 40.45 OK
r-devel-windows-x86_64 3.0 3.00 44.00 47.00 OK
r-patched-linux-x86_64 3.0 2.53 23.13 25.66 OK
r-release-linux-x86_64 3.0 1.90 23.41 25.31 OK
r-release-macos-arm64 3.0 27.00 OK
r-release-macos-x86_64 3.0 30.00 OK
r-release-windows-x86_64 3.0 4.00 45.00 49.00 OK
r-oldrel-macos-arm64 3.0 16.00 NOTE
r-oldrel-macos-x86_64 3.0 24.00 NOTE
r-oldrel-windows-x86_64 3.0 4.00 52.00 56.00 NOTE

Check Details

Version: 3.0
Check: CRAN incoming feasibility
Result: NOTE Maintainer: ‘Martin Wiegand <Martin.Wiegand@manchester.ac.uk>’ No Authors@R field in DESCRIPTION. Please add one, modifying Authors@R: c(person(given = "Martin", family = "Wiegand", role = c("aut", "cre"), email = "martin.wiegand@manchester.ac.uk"), person(given = "Saralees", family = "Nadarajah", role = "aut")) as necessary. Flavors: r-devel-linux-x86_64-debian-clang, r-devel-linux-x86_64-debian-gcc

Version: 3.0
Check: LazyData
Result: NOTE 'LazyData' is specified without a 'data' directory Flavors: r-oldrel-macos-arm64, r-oldrel-macos-x86_64, r-oldrel-windows-x86_64