Last updated on 2025-05-03 21:51:23 CEST.
Flavor | Version | Tinstall | Tcheck | Ttotal | Status | Flags |
---|---|---|---|---|---|---|
r-devel-linux-x86_64-debian-clang | 0.5.12 | 147.37 | 118.16 | 265.53 | NOTE | |
r-devel-linux-x86_64-debian-gcc | 0.5.12 | 99.05 | 85.04 | 184.09 | NOTE | |
r-devel-linux-x86_64-fedora-clang | 0.5.12 | 509.33 | OK | |||
r-devel-linux-x86_64-fedora-gcc | 0.5.12 | 494.30 | OK | |||
r-devel-windows-x86_64 | 0.5.12 | 172.00 | 165.00 | 337.00 | NOTE | |
r-patched-linux-x86_64 | 0.5.12 | 133.91 | 111.11 | 245.02 | NOTE | |
r-release-linux-x86_64 | NOTE | |||||
r-release-macos-arm64 | 0.5.12 | 104.00 | OK | |||
r-release-macos-x86_64 | 0.5.12 | 134.00 | OK | |||
r-release-windows-x86_64 | 0.5.12 | 165.00 | 164.00 | 329.00 | NOTE | |
r-oldrel-macos-arm64 | 0.5.12 | 107.00 | NOTE | |||
r-oldrel-macos-x86_64 | 0.5.12 | 116.00 | NOTE | |||
r-oldrel-windows-x86_64 | 0.5.12 | 204.00 | 207.00 | 411.00 | OK |
Version: 0.5.12
Check: Rd cross-references
Result: NOTE
Found the following Rd file(s) with Rd \link{} targets missing package
anchors:
QIC.Rd: ginv
Please provide package anchors for all Rd \link{} targets not in the
package itself and the base packages.
Flavors: r-devel-linux-x86_64-debian-clang, r-devel-linux-x86_64-debian-gcc, r-devel-windows-x86_64, r-patched-linux-x86_64, r-release-linux-x86_64, r-release-windows-x86_64
Version: 0.5.12
Check: installed package size
Result: NOTE
installed size is 8.6Mb
sub-directories of 1Mb or more:
data 2.7Mb
libs 5.4Mb
Flavors: r-oldrel-macos-arm64, r-oldrel-macos-x86_64