CRAN Package Check Results for Package ML2Pvae

Last updated on 2025-05-03 21:51:24 CEST.

Flavor Version Tinstall Tcheck Ttotal Status Flags
r-devel-linux-x86_64-debian-clang 1.0.0.1 2.04 27.58 29.62 OK
r-devel-linux-x86_64-debian-gcc 1.0.0.1 1.74 21.69 23.43 OK
r-devel-linux-x86_64-fedora-clang 1.0.0.1 48.09 NOTE
r-devel-linux-x86_64-fedora-gcc 1.0.0.1 60.15 NOTE
r-devel-windows-x86_64 1.0.0.1 4.00 51.00 55.00 OK
r-patched-linux-x86_64 1.0.0.1 2.36 26.38 28.74 OK
r-release-linux-x86_64 OK
r-release-macos-arm64 1.0.0.1 25.00 OK
r-release-macos-x86_64 1.0.0.1 51.00 OK
r-release-windows-x86_64 1.0.0.1 4.00 50.00 54.00 OK
r-oldrel-macos-arm64 1.0.0.1 23.00 OK
r-oldrel-macos-x86_64 1.0.0.1 44.00 OK
r-oldrel-windows-x86_64 1.0.0.1 5.00 56.00 61.00 OK

Additional issues

donttest

Check Details

Version: 1.0.0.1
Check: dependencies in R code
Result: NOTE Namespace in Imports field not imported from: ‘reticulate’ All declared Imports should be used. Flavors: r-devel-linux-x86_64-fedora-clang, r-devel-linux-x86_64-fedora-gcc