Last updated on 2025-05-03 21:51:24 CEST.
Flavor | Version | Tinstall | Tcheck | Ttotal | Status | Flags |
---|---|---|---|---|---|---|
r-devel-linux-x86_64-debian-clang | 0.2.4 | 5.73 | 67.34 | 73.07 | NOTE | |
r-devel-linux-x86_64-debian-gcc | 0.2.4 | 5.41 | 48.53 | 53.94 | NOTE | |
r-devel-linux-x86_64-fedora-clang | 0.2.4 | 117.32 | OK | |||
r-devel-linux-x86_64-fedora-gcc | 0.2.4 | 131.10 | OK | |||
r-devel-windows-x86_64 | 0.2.4 | 8.00 | 82.00 | 90.00 | OK | |
r-patched-linux-x86_64 | 0.2.4 | 7.30 | 63.52 | 70.82 | OK | |
r-release-linux-x86_64 | OK | |||||
r-release-macos-arm64 | 0.2.4 | 55.00 | OK | |||
r-release-macos-x86_64 | 0.2.4 | 86.00 | OK | |||
r-release-windows-x86_64 | 0.2.4 | 8.00 | 81.00 | 89.00 | OK | |
r-oldrel-macos-arm64 | 0.2.4 | 43.00 | OK | |||
r-oldrel-macos-x86_64 | 0.2.4 | 59.00 | OK | |||
r-oldrel-windows-x86_64 | 0.2.4 | 11.00 | 100.00 | 111.00 | OK |
Version: 0.2.4
Check: CRAN incoming feasibility
Result: NOTE
Maintainer: ‘Saint-Clair Chabert-Liddell <academic@chabert-liddell.com>’
Package CITATION file contains call(s) to old-style personList() or
as.personList(). Please use c() on person objects instead.
Package CITATION file contains call(s) to old-style citEntry(). Please
use bibentry() instead.
Flavors: r-devel-linux-x86_64-debian-clang, r-devel-linux-x86_64-debian-gcc