CRAN Package Check Results for Package MLeval

Last updated on 2025-07-27 03:50:11 CEST.

Flavor Version Tinstall Tcheck Ttotal Status Flags
r-devel-linux-x86_64-debian-clang 0.3 5.84 65.09 70.93 NOTE
r-devel-linux-x86_64-debian-gcc 0.3 3.84 48.85 52.69 NOTE
r-devel-linux-x86_64-fedora-clang 0.3 113.07 OK
r-devel-linux-x86_64-fedora-gcc 0.3 121.61 OK
r-devel-windows-x86_64 0.3 8.00 117.00 125.00 OK
r-patched-linux-x86_64 0.3 5.13 61.67 66.80 OK
r-release-linux-x86_64 0.3 5.28 60.78 66.06 OK
r-release-macos-arm64 0.3 41.00 OK
r-release-macos-x86_64 0.3 79.00 OK
r-release-windows-x86_64 0.3 8.00 116.00 124.00 OK
r-oldrel-macos-arm64 0.3 43.00 OK
r-oldrel-macos-x86_64 0.3 66.00 OK
r-oldrel-windows-x86_64 0.3 9.00 117.00 126.00 OK

Check Details

Version: 0.3
Check: CRAN incoming feasibility
Result: NOTE Maintainer: ‘Christopher R John <chris.r.john86@gmail.com>’ No Authors@R field in DESCRIPTION. Please add one, modifying Authors@R: person(given = c("Christopher", "R"), family = "John", role = c("aut", "cre"), email = "chris.r.john86@gmail.com") as necessary. Flavors: r-devel-linux-x86_64-debian-clang, r-devel-linux-x86_64-debian-gcc